{"id":9060,"date":"2018-05-23T16:52:14","date_gmt":"2018-05-23T13:52:14","guid":{"rendered":"http:\/\/ulme.ee\/veeb\/?page_id=9060"},"modified":"2018-07-03T19:25:45","modified_gmt":"2018-07-03T16:25:45","slug":"estcon-2018-kava","status":"publish","type":"page","link":"http:\/\/ulme.ee\/veeb\/?page_id=9060&lang=et","title":{"rendered":"Estcon 2018 kava"},"content":{"rendered":"<p><strong>Reede, 13. juuli<\/strong><br \/>\n16:00 \u00a0 Saabumine, registreerumine, majutamine, asjade paigutamine.<br \/>\n17.00 \u00a0 <strong>Lipu heiskamine. Estconi ametlik algus<\/strong>. J\u00e4llen\u00e4gemisr\u00f5\u00f5m ja vaba suhtlus.<br \/>\n18.00 \u00a0 K\u00fclalise tund.<strong> Nebula nominent<\/strong> <strong>2013<\/strong> <strong>Sylvia\u00a0Spruck\u00a0Wrigley. <\/strong>Vestleb Sash Uusj\u00e4rv.<br \/>\n20:00 \u00a0 <strong>P\u00f5lvkondade laevad. Mairi Laurik ja Raul Sulbi<br \/>\n<\/strong>22.30 \u00a0 <strong><strong>Ulmedisko. K\u00fcberpunk<\/strong>.<strong> Veiko Belials<br \/>\n<\/strong><\/strong>S\u00f5na \u201edisko\u201c tekitas paar aastat tagasi l\u00f5busa segaduse, sest leidus inimesi, kes esmakordselt Estconil olles arvasid t\u00f5simeeli, et tuleb tantsulka. Tegelikult on tegu n\u00fc\u00fcdseks juba traditsiooniliseks muutunud hilis\u00f5htuse ettekandega, mis l\u00f5petab avap\u00e4eva ja kus vaatluse all on muusika ja ulme seosed. Alguse sai traditsioon 2013 aastal, kui ma l\u00f5petasin Strugatskite \u201eH\u00e4\u00e4buva linna\u201c t\u00f5lkimise ja tegin ettekande \u201eLabrakas laulu ja tantsuga Strugatskite Linnas\u201c. 2014. aastal oli teemaks \u201eUlmeraamatud Eesti b\u00e4ndide loomingus\u201c ning 2015. aastal \u201eUlmelise sisuga videod Eesti b\u00e4ndide loomingus\u201c, 2016. aastal maailma metal-b\u00e4ndide animeeritud ulmelise sisuga videod, 2017. aastal aurupunk muusikas. Seekord v\u00f5tame ette k\u00fcberpungi.<br \/>\nVaatame-kuulame teemat iseloomustavaid n\u00e4iteid. Eelistan lugude valikus (s\u00f5ltumata k\u00e4sitletavast teemast) alati kas terviklikku teostust (lugu, mida videos jutustatakse), head visuaali v\u00f5i ootamatut-harjumatut vaatenurka. Igal kord v\u00f5ib valikus leida midagi, mis on naljakas, jabur v\u00f5i kurioosne.<\/p>\n<p><strong><strong>Laup\u00e4ev, 14. juuli<br \/>\n<\/strong> <\/strong>10:00 \u00a0\u00a0 hommikus\u00f6\u00f6k<br \/>\n11:30 \u00a0\u00a0 Autoritund. <strong>Kirjanike Liidu romaaniv\u00f5istluse 2. koht ja kirjanduse aastaauhinna nominent Triinu Meres<br \/>\n<\/strong>13:00 \u00a0\u00a0 <strong><strong><em>Quo vadis<\/em>,<\/strong> <strong>Kirjanike Liidu ulmesektsioon. <\/strong><\/strong>Kirjanike liidu liige Maniakkide T\u00e4nav kommenteerib varjusurmast reanimeeritud sektsiooni edasisi plaane.<br \/>\n14:00 \u00a0\u00a0 l\u00f5unas\u00f6\u00f6k<br \/>\n15:30 \u00a0\u00a0 <strong>H\u00d5FFi ja Eesti Ulme\u00fchingu s\u00f5nav\u00f5istluse v\u00f5itjate v\u00e4ljakuulutamine. <\/strong>Vasteid otsiti s\u00f5nadele <em>splatter, slasher, gore, grindhouse, fantasy <\/em>ja <em>slipstream.<br \/>\n<\/em><strong>Stalker 2018.<\/strong> Kuulutatakse v\u00e4lja tulemused ning kohalolevaid v\u00f5itjaid ka \u00f5nnitletakse pidulikult.<br \/>\n<strong>\u00dchispilt.<\/strong> Kohalolijad seatakse aparaadi ette ja tehakse \u00fchispilt. <strong>Kirjastuste plaanid: <\/strong>mida on kavas avaldada.<br \/>\n18.00<strong> \u00a0\u00a0 M\u00e4lum\u00e4ng.<\/strong> Taivo Rist esitab k\u00fcsimusi ja otsustab vastuste \u00f5igsuse \u00fcle.<br \/>\n\u00dcks pikema traditsiooniga s\u00fcndmusi Estconil, mida k\u00f5ik ootavad. Klassikaline m\u00e4lum\u00e4ng, kus ajud s\u00f5lme v\u00e4\u00e4natakse.<br \/>\n19:30<strong> \u00a0 35 aastat hiljem. <\/strong>J\u00e4rjed ja uusversioonid vs originaalid ulmefilminduses (kultusfilmid Blade Runner, Terminator, Star Wars, Ghost in Shell, Mad Max, Total Recall, Alien, Batman jne). <strong>Ra Ragnar Novod ja Henryk Johan Novod<br \/>\n<\/strong>21.00 \u00a0\u00a0 <strong><strong>Lugemistuba\/LARP\/Lauam\u00e4ngud<br \/>\n<\/strong><\/strong>Programm hargneb paralleeluniversumitesse. Mant teeb LARPi, Sash ja Sylvia korraldavad ettelugemisi (ette v\u00f5ib lugeda n\u00e4iteks valmis, aga tr\u00fckis veel avaldamata jutte, aga ka katkendeid v\u00f5i algusi, mille alusel korraldada kuulajatega ajur\u00fcnnakuid, mida selle looga edasi teha). Kes tahab, v\u00f5ib hoopis lauam\u00e4nge m\u00e4ngida.<\/p>\n<p><strong><strong>P\u00fchap\u00e4ev, 15. juuli<br \/>\n<\/strong><\/strong>10:00 \u00a0\u00a0 hommikus\u00f6\u00f6k<br \/>\n11:30 <strong> \u00a0 Reidar Andreson<\/strong> (PhD bioinformaatikas). Molekulaarbioloogia teadusulmes meil ja mujal.<br \/>\n13.00\u00a0\u00a0\u00a0 <strong>Paneeldiskussioon:<\/strong> Millist teksti me tajume ulmena?<strong> Peeter Helme, J.J. Metsavana, Andri Riid. Modereerib Veiko Belials.<br \/>\n<\/strong>Vaidlusi selle \u00fcle, mis on ulme v\u00f5i kus on ulme piirid, v\u00f5ib vist pidada l\u00f5putult. Seekord v\u00f5taks vana habemega teema, aga veidi teise l\u00e4henemisnurga alt. Millist teksti lugeja ulmeks peab? Ja miks?<br \/>\n14:30 \u00a0\u00a0 <strong>Lipu langetamine. Estconi ametlik l\u00f5petamine<\/strong><strong>.<br \/>\n<\/strong>Tasapisi kodu poole s\u00e4ttimine.<\/p>\n","protected":false},"excerpt":{"rendered":"<p>Reede, 13. juuli 16:00 \u00a0 Saabumine, registreerumine, majutamine, asjade paigutamine. 17.00 \u00a0 Lipu heiskamine. Estconi ametlik algus. J\u00e4llen\u00e4gemisr\u00f5\u00f5m ja vaba suhtlus. 18.00 \u00a0 K\u00fclalise tund. Nebula nominent 2013 Sylvia\u00a0Spruck\u00a0Wrigley. Vestleb Sash Uusj\u00e4rv. 20:00 \u00a0 P\u00f5lvkondade laevad. Mairi Laurik ja Raul &hellip; <a href=\"http:\/\/ulme.ee\/veeb\/?page_id=9060&#038;lang=et\">J\u00e4tka lugemist <span class=\"meta-nav\">&rarr;<\/span><\/a><\/p>\n","protected":false},"author":2,"featured_media":0,"parent":0,"menu_order":0,"comment_status":"closed","ping_status":"closed","template":"","meta":{"footnotes":""},"_links":{"self":[{"href":"http:\/\/ulme.ee\/veeb\/index.php?rest_route=\/wp\/v2\/pages\/9060"}],"collection":[{"href":"http:\/\/ulme.ee\/veeb\/index.php?rest_route=\/wp\/v2\/pages"}],"about":[{"href":"http:\/\/ulme.ee\/veeb\/index.php?rest_route=\/wp\/v2\/types\/page"}],"author":[{"embeddable":true,"href":"http:\/\/ulme.ee\/veeb\/index.php?rest_route=\/wp\/v2\/users\/2"}],"replies":[{"embeddable":true,"href":"http:\/\/ulme.ee\/veeb\/index.php?rest_route=%2Fwp%2Fv2%2Fcomments&post=9060"}],"version-history":[{"count":2,"href":"http:\/\/ulme.ee\/veeb\/index.php?rest_route=\/wp\/v2\/pages\/9060\/revisions"}],"predecessor-version":[{"id":9088,"href":"http:\/\/ulme.ee\/veeb\/index.php?rest_route=\/wp\/v2\/pages\/9060\/revisions\/9088"}],"wp:attachment":[{"href":"http:\/\/ulme.ee\/veeb\/index.php?rest_route=%2Fwp%2Fv2%2Fmedia&parent=9060"}],"curies":[{"name":"wp","href":"https:\/\/api.w.org\/{rel}","templated":true}]}}

<p><strong>Reede, 13. juuli</strong><br />
16:00   Saabumine, registreerumine, majutamine, asjade paigutamine.<br />
17.00   <strong>Lipu heiskamine. Estconi ametlik algus</strong>. Jällenägemisrõõm ja vaba suhtlus.<br />
18.00   Külalise tund.<strong> Nebula nominent</strong> <strong>2013</strong> <strong>Sylvia Spruck Wrigley. </strong>Vestleb Sash Uusjärv.<br />
20:00   <strong>Põlvkondade laevad. Mairi Laurik ja Raul Sulbi<br />
</strong>22.30   <strong><strong>Ulmedisko. Küberpunk</strong>.<strong> Veiko Belials<br />
</strong></strong>Sõna „disko“ tekitas paar aastat tagasi lõbusa segaduse, sest leidus inimesi, kes esmakordselt Estconil olles arvasid tõsimeeli, et tuleb tantsulka. Tegelikult on tegu nüüdseks juba traditsiooniliseks muutunud hilisõhtuse ettekandega, mis lõpetab avapäeva ja kus vaatluse all on muusika ja ulme seosed. Alguse sai traditsioon 2013 aastal, kui ma lõpetasin Strugatskite „Hääbuva linna“ tõlkimise ja tegin ettekande „Labrakas laulu ja tantsuga Strugatskite Linnas“. 2014. aastal oli teemaks „Ulmeraamatud Eesti bändide loomingus“ ning 2015. aastal „Ulmelise sisuga videod Eesti bändide loomingus“, 2016. aastal maailma metal-bändide animeeritud ulmelise sisuga videod, 2017. aastal aurupunk muusikas. Seekord võtame ette küberpungi.<br />
Vaatame-kuulame teemat iseloomustavaid näiteid. Eelistan lugude valikus (sõltumata käsitletavast teemast) alati kas terviklikku teostust (lugu, mida videos jutustatakse), head visuaali või ootamatut-harjumatut vaatenurka. Igal kord võib valikus leida midagi, mis on naljakas, jabur või kurioosne.</p>
<p><strong><strong>Laupäev, 14. juuli<br />
</strong> </strong>10:00    hommikusöök<br />
11:30    Autoritund. <strong>Kirjanike Liidu romaanivõistluse 2. koht ja kirjanduse aastaauhinna nominent Triinu Meres<br />
</strong>13:00    <strong><strong><em>Quo vadis</em>,</strong> <strong>Kirjanike Liidu ulmesektsioon. </strong></strong>Kirjanike liidu liige Maniakkide Tänav kommenteerib varjusurmast reanimeeritud sektsiooni edasisi plaane.<br />
14:00    lõunasöök<br />
15:30    <strong>HÕFFi ja Eesti Ulmeühingu sõnavõistluse võitjate väljakuulutamine. </strong>Vasteid otsiti sõnadele <em>splatter, slasher, gore, grindhouse, fantasy </em>ja <em>slipstream.<br />
</em><strong>Stalker 2018.</strong> Kuulutatakse välja tulemused ning kohalolevaid võitjaid ka õnnitletakse pidulikult.<br />
<strong>Ühispilt.</strong> Kohalolijad seatakse aparaadi ette ja tehakse ühispilt. <strong>Kirjastuste plaanid: </strong>mida on kavas avaldada.<br />
18.00<strong>    Mälumäng.</strong> Taivo Rist esitab küsimusi ja otsustab vastuste õigsuse üle.<br />
Üks pikema traditsiooniga sündmusi Estconil, mida kõik ootavad. Klassikaline mälumäng, kus ajud sõlme väänatakse.<br />
19:30<strong>   35 aastat hiljem. </strong>Järjed ja uusversioonid vs originaalid ulmefilminduses (kultusfilmid Blade Runner, Terminator, Star Wars, Ghost in Shell, Mad Max, Total Recall, Alien, Batman jne). <strong>Ra Ragnar Novod ja Henryk Johan Novod<br />
</strong>21.00    <strong><strong>Lugemistuba/LARP/Lauamängud<br />
</strong></strong>Programm hargneb paralleeluniversumitesse. Mant teeb LARPi, Sash ja Sylvia korraldavad ettelugemisi (ette võib lugeda näiteks valmis, aga trükis veel avaldamata jutte, aga ka katkendeid või algusi, mille alusel korraldada kuulajatega ajurünnakuid, mida selle looga edasi teha). Kes tahab, võib hoopis lauamänge mängida.</p>
<p><strong><strong>Pühapäev, 15. juuli<br />
</strong></strong>10:00    hommikusöök<br />
11:30 <strong>   Reidar Andreson</strong> (PhD bioinformaatikas). Molekulaarbioloogia teadusulmes meil ja mujal.<br />
13.00    <strong>Paneeldiskussioon:</strong> Millist teksti me tajume ulmena?<strong> Peeter Helme, J.J. Metsavana, Andri Riid. Modereerib Veiko Belials.<br />
</strong>Vaidlusi selle üle, mis on ulme või kus on ulme piirid, võib vist pidada lõputult. Seekord võtaks vana habemega teema, aga veidi teise lähenemisnurga alt. Millist teksti lugeja ulmeks peab? Ja miks?<br />
14:30    <strong>Lipu langetamine. Estconi ametlik lõpetamine</strong><strong>.<br />
</strong>Tasapisi kodu poole sättimine.</p>

<p>Reede, 13. juuli 16:00   Saabumine, registreerumine, majutamine, asjade paigutamine. 17.00   Lipu heiskamine. Estconi ametlik algus. Jällenägemisrõõm ja vaba suhtlus. 18.00   Külalise tund. Nebula nominent 2013 Sylvia Spruck Wrigley. Vestleb Sash Uusjärv. 20:00   Põlvkondade laevad. Mairi Laurik ja Raul &hellip; <a href="http://ulme.ee/veeb/?page_id=9060&#038;lang=et">Jätka lugemist <span class="meta-nav">&rarr;</span></a></p>
