{"id":8952,"date":"2018-04-15T20:48:42","date_gmt":"2018-04-15T17:48:42","guid":{"rendered":"http:\/\/ulme.ee\/veeb\/?page_id=8952"},"modified":"2018-04-15T21:23:25","modified_gmt":"2018-04-15T18:23:25","slug":"stalker-2018-haaletusnimekiri","status":"publish","type":"page","link":"http:\/\/ulme.ee\/veeb\/?page_id=8952&lang=et","title":{"rendered":"Stalker 2018 h\u00e4\u00e4letusnimekiri"},"content":{"rendered":"<p><strong>Parim t\u00f5lkeromaan<\/strong><\/p>\n<ul>\n<li>Joe <strong>Abercrombie<\/strong> \u00abPool maailma\u00bb. T\u00e4nap\u00e4ev. T\u00f5lk. Tiina Randus<\/li>\n<li>Brian <strong>Aldiss<\/strong> \u00abPeatumata\u00bb. Fantaasia. T\u00f5lk. Maria Reile<\/li>\n<li><strong>Arad <\/strong>\u00abProjekt \u00abT\u00e4hetolm\u00bb\u00bb. Algernon, detsember 2017. T\u00f5lk. Osvald Soobel<\/li>\n<li>Isaac <strong>Asimov<\/strong> \u00abKosmosehoovused\u00bb. Fantaasia. T\u00f5lk. Ats Miller ja Roland L\u00e4mm<\/li>\n<li>Victoria <strong>Aveyard<\/strong> \u00abKuninga kong\u00bb. Pikoprint. T\u00f5lk. Karin Kull<\/li>\n<li>Steven <strong>Brust<\/strong> \u00abJhereg\u00bb. Fantaasia. T\u00f5lk. Eva Luts<\/li>\n<li>Lois McMaster <strong>Bujold<\/strong> \u00abKomarr\u00bb. Varrak. T\u00f5lk. Allan Eichenbaum<\/li>\n<li>Jim <strong>Butcher <\/strong>\u00abTormirinne. Dresdeni toimikud\u00bb. Fantaasia. T\u00f5lk. Tatjana Peetersoo<\/li>\n<li>Catherine <strong>Chanter<\/strong> \u00abKaev\u00bb. Eesti Raamat. T\u00f5lk. Piret Lemetti<\/li>\n<li>Arthur C. <strong>Clarke <\/strong>ja Stephen <strong>Baxter <\/strong>\u00abKaugete p\u00e4evade valgus\u00bb. Fantaasia. T\u00f5lk. Iris-Barbara Jeletski<\/li>\n<li>Ernest <strong>Cline<\/strong> \u00abValmistub esimene m\u00e4ngija\u00bb. T\u00e4nap\u00e4ev. T\u00f5lk. Raul Veede<\/li>\n<li>Justin <strong>Cronin<\/strong> \u00abPeeglite linn\u00bb. Varrak. T\u00f5lk. Peeter Villmann<\/li>\n<li>Diana <strong>Gabaldon<\/strong> \u00abS\u00fcgistrummid\u00bb. Varrak. T\u00f5lk. Lauri Vahtre<\/li>\n<li>Tess <strong>Gerritsen<\/strong> \u00abTulega m\u00e4ngides\u00bb. Ersen. T\u00f5lk. Marge Paal<\/li>\n<li>Kerstin<strong> Gier <\/strong>\u00abSilber. Esimene unen\u00e4gude raamat\u00bb. Pegasus. T\u00f5lk. Katri Soe-Suren<\/li>\n<li>Dmitri <strong>Gluhhovski <\/strong>\u00abMetro 2035\u00bb. T\u00e4nap\u00e4ev. T\u00f5lk. Erle N\u00f5mm<\/li>\n<li>Christie <strong>Golden <\/strong>\u00abWarcraft\u00bb. Varrak. T\u00f5lk. Krista Suits<\/li>\n<li>Sally <strong>Green<\/strong> \u00abPooleksinud\u00bb. Pegasus. T\u00f5lk. Marge Paal<\/li>\n<li>Robin <strong>Hobb <\/strong>\u00abSaatuse laev\u00bb. Varrak. T\u00f5lk. Allan Eichenbaum<\/li>\n<li>Kazuo <strong>Ishiguro <\/strong>\u00abMaetud hiiglane\u00bb. Varrak. T\u00f5lk. Krista Kaer<\/li>\n<li>Erika <strong>Johansen <\/strong>\u00abTearlingi kuninganna\u00bb. Varrak. T\u00f5lk. Krista Sults<\/li>\n<li>Diane Wynne <strong>Jones<\/strong> \u00abHowli liikuv kindlus\u00bb. Fantaasia. T\u00f5lk. Eva Luts<\/li>\n<li>Katrina <strong>Kalda<\/strong> \u00abMaa, kus puudel pole varje\u00bb. Varrak. T\u00f5lk. Anti Saar<\/li>\n<li>Staphen <strong>King<\/strong> \u00abValve l\u00f5pp\u00bb. Ajakirjade Kirjastus. T\u00f5lk. Silver S\u00e4ra<\/li>\n<li>Paul <strong>Krueger<\/strong> \u00abViimane ring \u00d6\u00f6varju baaris\u00bb. Kunst. T\u00f5lk. Liis Konovalov<\/li>\n<li>Derek <strong>Landy <\/strong>\u00abSurmatooja\u00bb. Pikoprint. T\u00f5lk. Mario Pulver<\/li>\n<li>Asa <strong>Larsson<\/strong> ja Ingela <strong>Korsell<\/strong> \u00abKatkuhaldjas. Pax: 7. raamat \u00bb. Varrak. T\u00f5lk. Kadri Papp<\/li>\n<li>Asa <strong>Larsson<\/strong> ja Ingela <strong>Korsell <\/strong>\u00abH\u00f5bemadu. Pax: 8. raamat\u00bb. Varrak. T\u00f5lk. Kadri Papp<\/li>\n<li>Sarah J. <strong>Maas<\/strong> \u00abTule p\u00e4rija\u00bb. Pikoprint. T\u00f5lk. Mario Pulver<\/li>\n<li>Sarah J. <strong>Maas<\/strong> \u00abRooside ja okaste koda\u00bb. Pikoprint. T\u00f5lk. Mario Pulver<\/li>\n<li>Ari <strong>Marmell <\/strong>\u00abPetupakt\u00bb. Pegasus. T\u00f5lk. Eve Laur<\/li>\n<li>George R. R. <strong>Martin<\/strong> \u00abTants lohedega\u00bb. Varrak. T\u00f5lk. Tarmo Vaarpuu<\/li>\n<li>Marissa <strong>Meyer <\/strong>\u00abScarlet\u00bb. Pikoprint. T\u00f5lk. Karin Kull<\/li>\n<li>Alyson <strong>No\u00ebl <\/strong>\u00ab\u00d6\u00f6t\u00e4ht\u00bb. Pegasus. T\u00f5lk. Kadri Lutt<\/li>\n<li>Kristina <strong>Ohlsson<\/strong> \u00abH\u00f5bedapoiss\u00bb. Tiritamm. T\u00f5lk. Allan Sooneste<\/li>\n<li>Lauren <strong>Oliver<\/strong> \u00abPandemoonium\u00bb. Tiritamm. T\u00f5lk. Martiina Viil<\/li>\n<li>Louise <strong>O\u00b4Neill<\/strong> \u00abIgavesti vaid sinu\u00bb. Varrak. T\u00f5lk. Evelin Banhard<\/li>\n<li>Bobbie <strong>Peers<\/strong> \u00abKr\u00fcptoportaal\u00bb. Helios. T\u00f5lk. Annika Kupits<\/li>\n<li>Max <strong>Porter<\/strong> \u00abSee linnuke on lein\u00bb. T\u00e4nap\u00e4ev. T\u00f5lk. Sash Uusj\u00e4rv<\/li>\n<li>Terry <strong>Pratchett<\/strong> ja Stephen <strong>Baxter <\/strong>\u00abPikk-kosmos\u00bb. Varrak. T\u00f5lk. Allan Eichenbaum<\/li>\n<li>Philip <strong>Pullman <\/strong>\u00abP\u00f5rmu raamat I. La Belle Sauvage\u00bb. Pegasus. T\u00f5lk. Eve Laur<\/li>\n<li>Thomas <strong>Pynchon <\/strong>\u00abRaskusj\u00f5u vikerkaar\u00bb. Koolibri. T\u00f5lk. Olavi Teppan<\/li>\n<li>Rick <strong>Riordan<\/strong> \u00abLab\u00fcrindilahing\u00bb. Pegasus. T\u00f5lk. Eva Finch<\/li>\n<li>Nora<strong> Roberts <\/strong>\u00abKlaassaar\u00bb. Ersen. T\u00f5lk. Maia Planhof<\/li>\n<li><strong>Rowling, Tiffany, Throne<\/strong> \u00abHarry Potter ja \u00e4raneetud laps\u00bb. T\u00f5lk. Krista ja Kaisa Kaer<\/li>\n<li>Mart <strong>Sander <\/strong>\u00abLux Gravis ehk raske valgus\u00bb. Paradiis. T\u00f5lk. Silver S\u00e4ra<\/li>\n<li>Brandon <strong>Sanderson<\/strong> \u00abH\u00e4da\u00bb. Pikoprint. T\u00f5lk. Mario Pulver<\/li>\n<li>Andrzej <strong>Sapkowsky<\/strong> \u00abHaldjate veri\u00bb. Varrak. T\u00f5lk. Margus Alver<\/li>\n<li>E. <strong>Schwab <\/strong>\u00abTihenevad varjud\u00bb. P\u00e4ikese kirjastus. T\u00f5lk. Marge Paal<\/li>\n<li>John <strong>Scalzi <\/strong>\u00abViimane koloonia\u00bb. Fantaasia. T\u00f5lk. Ats Miller<\/li>\n<li>Clifford D. <strong>Simak <\/strong>\u00abJumalate valik\u00bb. Fantaasia. T\u00f5lk. Jaana Talja<\/li>\n<li>Anna <strong>Smaill<\/strong> \u00abKellam\u00e4ng\u00bb. Hea Lugu. T\u00f5lk. Hels Hinrikson ja Doris Kareva<\/li>\n<li>Henrik <strong>Tamm <\/strong>\u00abNinja Timmy ja valge ahvi saladus\u00bb. Ajakirjade Kirjastus. T\u00f5lk. Maris S\u00f5rmus<\/li>\n<li>Megan Whalen <strong>Turner <\/strong>\u00abVaras\u00bb. Fantaasia. T\u00f5lk. Eva Luts<\/li>\n<li>Megan Whalen <strong>Turner <\/strong>\u00abAttolia kuninganna\u00bb. Fantaasia. T\u00f5lk. Eva Luts<\/li>\n<li>John <strong>Wyndham<\/strong> \u00abKr\u00fc\u00fcsalised\u00bb. Fantaasia. T\u00f5lk. Martin Kirotar<\/li>\n<\/ul>\n<p><strong>\u00a0<strong>Parim antoloogia v\u00f5i kogumik<\/strong><\/strong><\/p>\n<ul>\n<li>Poul<strong> Anderson <\/strong>\u00abAja valvurid\u00bb. Fantaasia<\/li>\n<li><strong>Eestid, mida ei olnud. <\/strong>Elisa\/Raudhammas. Koostaja Indrek Hargla<\/li>\n<li><strong>P.<\/strong><strong> Lovecraft <\/strong>\u00abCthulhu kutse\u00bb. Viiking. Koostaja Raul Sulbi<\/li>\n<li>George R. R. <strong>Martin<\/strong> \u00abSeitsme kuningriigi r\u00fc\u00fctel\u00bb. Varrak. T\u00f5lk. Juhan Habicht<\/li>\n<li><strong>Me armastame Maad 2. Viimane laev.<\/strong> Koostaja Veiko Belials<\/li>\n<li>Edgar Allan <strong>Poe<\/strong> \u00abNovellid\u00bb. Rahva Raamat. Koostaja ???<\/li>\n<li><strong>Shanidar.<\/strong> Skarabeus. Koostaja Arvi Nikkarev<\/li>\n<li>Dan <strong>Simmons <\/strong>\u00abHeeliksi orvud\u00bb. Fantaasia. Koostaja Raul Sulbi<\/li>\n<li><strong>Tuumahiid 3: Triitium.<\/strong> Koostajad Maniakkide T\u00e4nav, J. J. Metsavana, Artur R\u00e4pp<\/li>\n<li><strong>T\u00e4heaeg 16. Hirmu planeet.<\/strong> Koostaja Raul Sulbi<\/li>\n<li><strong>T\u00e4heaeg 17. P\u00e4\u00e4sta meid kurjast.<\/strong> Koostaja Raul Sulbi<\/li>\n<li>Juhan<strong> Voolaid <\/strong>\u00abL\u00e4bil\u00f6\u00f6ja lammas ja marukoer\u00bb. Hea Lugu<\/li>\n<\/ul>\n<p><strong>Parim t\u00f5lkel\u00fchiromaan v\u00f5i \u2013jutustus<\/strong><\/p>\n<ul>\n<li>Poul<strong> Anderson <\/strong>\u00abAinus \u00f5ige tee\u00bb. Autorikogumik \u00abAja valvurid\u00bb. Fantaasia. T\u00f5lk. Martin Kirotar<\/li>\n<li>Poul<strong> Anderson <\/strong>\u00abAjapatrull\u00bb. Autorikogumik \u00abAja valvurid\u00bb. Fantaasia. T\u00f5lk. K\u00fclli Seppa<\/li>\n<li>Poul<strong> Anderson <\/strong>\u00abDelenda est\u00bb. Autorikogumik \u00abAja valvurid\u00bb. Fantaasia. T\u00f5lk. Tatjana Peetersoo<\/li>\n<li>Poul<strong> Anderson <\/strong>\u00abJulge olla kuningas\u00bb. Autorikogumik \u00abAja valvurid\u00bb. Fantaasia. T\u00f5lk. Iris-Barbara Jeletski<\/li>\n<li><strong>Arad<\/strong> \u00abCelestia\u00bb. Reaktor, m\u00e4rts, aprill 2017<\/li>\n<li>Eleanor <strong>Arnason<\/strong> \u00abVaremed\u00bb. T\u00e4heaeg 16. Hirmu planeet. T\u00f5lk. Tatjana Peetersoo<\/li>\n<li>Keith <strong>Bennett <\/strong>\u00abRaketlastel on karvased k\u00f5rvad\u00bb. T\u00e4heaeg 16. Hirmu planeet. T\u00f5lk. Priit Kenkmann<\/li>\n<li>Kir <strong>Bul\u00f5t\u0161ov<\/strong> \u00abKolmteist aastat teel\u00bb. Antoloogia \u00abMe armastame Maad 2. Viimane laev\u00bb. T\u00f5lk. Veiko Belials<\/li>\n<li>Georgi <strong>Gurevit\u0161 <\/strong>\u00abLohe Infra\u00bb. Antoloogia \u00abMe armastame Maad 2. Viimane laev\u00bb. T\u00f5lk. Veiko Belials<\/li>\n<li>\u00a0Keith <strong>Laumer <\/strong>\u00abElas kord hiiglane\u00bb. Antoloogia \u00abShanidar\u00bb. T\u00f5lk. Arvi Nikkarev<\/li>\n<li>\u00a0George R. R. <strong>Martin<\/strong> \u00abR\u00e4ndr\u00fc\u00fctel\u00bb. Varrak. T\u00f5lk. Juhan Habicht<\/li>\n<li>\u00a0George R. R. <strong>Martin<\/strong> \u00abIhukaitsja\u00bb. Varrak. T\u00f5lk. Juhan Habicht<\/li>\n<li>\u00a0George R. R. <strong>Martin<\/strong> \u00abSalar\u00fc\u00fctel\u00bb. Varrak. T\u00f5lk. Juhan Habicht<\/li>\n<li>Paul <strong>McAuley <\/strong>\u00abHirmu Planeet\u00bb. T\u00e4heaeg 16. Hirmu planeet. T\u00f5lk. Hannes Talja<\/li>\n<li>\u00a0Timo <strong>Parvela<\/strong> ja Bj\u00f8rn <strong>Sortland<\/strong> \u00abKepler62. Reis\u00bb. Ajakirjade Kirjastus. T\u00f5lk. Rain Kooli<\/li>\n<li>\u00a0Timo <strong>Parvela<\/strong> ja Bj\u00f8rn <strong>Sortland <\/strong>\u00abKepler62. Pioneerid\u00bb. Ajakirjade Kirjastus. T\u00f5lk. Rain Kooli<\/li>\n<li>Anni <strong>Pea<\/strong> \u00abRipatsid\u00bb. Createspace. T\u00f5lk. Tiina Kallaste<\/li>\n<li>Mihhail <strong>Puhhov<\/strong> \u00ab\u00dcles visatud\u00bb. Antoloogia \u00abMe armastame Maad 2. Viimane laev\u00bb. T\u00f5lk. Veiko Belials<\/li>\n<li>Alastair <strong>Reynolds<\/strong> \u00abAeglased kuulid\u00bb. Fantaasia. T\u00f5lk. Tatjana Peetersoo<\/li>\n<li>Dan <strong>Simmons<\/strong> \u00abHeeliksi orvud\u00bb. Autorikogumik \u00abHeeliksi orvud\u00bb. Fantaasia. T\u00f5lk. K\u00fclli Seppa<\/li>\n<li>Dan <strong>Simmons <\/strong>\u00abTulemuusa\u00bb. Autorikogumik \u00abHeeliksi orvud\u00bb. Fantaasia. T\u00f5lk. Tatjana Peetersoo<\/li>\n<li>Aleksandr <strong>Zolotko <\/strong>\u00abEluskala kaugete vahemaade taha transportimise spetsiifika\u00bb. Antoloogia \u00abMe armastame Maad 2. Viimane laev\u00bb. T\u00f5lk. Veiko Belials<\/li>\n<li>\u00a0Lavie <strong>Tidhar<\/strong> \u00abUppunud jumalus\u00bb. T\u00e4heaeg 16. Hirmu planeet. T\u00f5lk. Martin Kirotar<\/li>\n<\/ul>\n<p><strong>\u00a0<strong>Parim t\u00f5lkel\u00fchijutt\u00a0\u00a0\u00a0\u00a0\u00a0\u00a0\u00a0\u00a0\u00a0\u00a0\u00a0\u00a0\u00a0\u00a0\u00a0\u00a0\u00a0\u00a0 <\/strong><\/strong><\/p>\n<ul>\n<li>Robert <strong>Aickman <\/strong>\u00abMuutuste kellad\u00bb. Antoloogia \u00abShanidar\u00bb. T\u00f5lk. Arvi Nikkarev<\/li>\n<li>\u00a0Poul<strong> Anderson <\/strong>\u00abGibraltari juga\u00bb. Autorikogumik \u00abAja valvurid\u00bb. Fantaasia. T\u00f5lk. Hannes Talja<\/li>\n<li>Tracy <strong>Canfield<\/strong> \u00abKaristus, et sul oleks rahu\u00bb. Algernon, m\u00e4rts 2017. T\u00f5lk. Kudrun Tamm<\/li>\n<li>Gordon R. <strong>Dickson <\/strong>\u00abKutsuge teda Lordiks\u00bb. Antoloogia \u00abShanidar\u00bb. T\u00f5lk. Arvi Nikkarev<\/li>\n<li>Alan Dean <strong>Foster<\/strong> \u00abT\u00fchise mehe kingitus\u00bb. Antoloogia \u00abShanidar\u00bb. T\u00f5lk. Arvi Nikkarev<\/li>\n<li>F. <strong>Harvey<\/strong> \u00abSambo\u00bb. Reaktor, m\u00e4rts 2017. T\u00f5lk. Silver S\u00e4ra<\/li>\n<li>Vladimir <strong>Iljin<\/strong> \u00abKaugkosmose seadus\u00bb. Antoloogia \u00abMe armastame Maad 2. Viimane laev\u00bb. T\u00f5lk. Veiko Belials<\/li>\n<li>Sergei <strong>Kazmenko<\/strong> \u00abViimane laev\u00bb. Antoloogia \u00abMe armastame Maad 2. Viimane laev\u00bb. T\u00f5lk. Veiko Belials<\/li>\n<li>Olga <strong>Larionova<\/strong> \u00abP\u00e4ike j\u00f5uab Veevalajasse\u00bb. Antoloogia \u00abMe armastame Maad 2. Viimane laev\u00bb. T\u00f5lk. Veiko Belials<\/li>\n<li>\u00a0Keith <strong>Laumer <\/strong>\u00abSobivustest\u00bb. Antoloogia \u00abShanidar\u00bb. T\u00f5lk. Arvi Nikkarev<\/li>\n<li>Murray <strong>Leinster <\/strong>\u00abLoogik Joe\u00bb. Antoloogia \u00abShanidar\u00bb. T\u00f5lk. Arvi Nikkarev<\/li>\n<li>H.P. <strong>Lovecraft <\/strong>\u00abKoer\u00bb. Jutukogu \u00abCthulhu kutse\u00bb. Viiking. T\u00f5lk. Priit Kenkmann<\/li>\n<li>H.P. <strong>Lovecraft <\/strong>\u00abKummaline k\u00f5rge maja udus\u00bb. Jutukogu \u00abCthulhu kutse\u00bb. Viiking. T\u00f5lk. Priit Kenkmann<\/li>\n<li>H.P.<strong> Lovecraft <\/strong>\u00abPickmani modell\u00bb. Jutukogu \u00abCthulhu kutse\u00bb. Viiking. T\u00f5lk. Priit Kenkmann<\/li>\n<li>H.P.<strong> Lovecraft <\/strong>\u00abTeispoolsusest\u00bb. Reaktor, detsember 2017. Viiking. Valmar Kuristik<\/li>\n<li>Dennis <strong>Mombauer<\/strong> \u00abUppumise tunne\u00bb. Algernon, m\u00e4rts 2017. T\u00f5lk. Kristjan Sander<\/li>\n<li>Boriss <strong>Rudenko<\/strong> \u00abLimaan\u00bb. Antoloogia \u00abMe armastame Maad 2. Viimane laev\u00bb. T\u00f5lk. Veiko Belials<\/li>\n<li>Molly <strong>Schofield <\/strong>\u00abValvekord\u00bb. Algernon, detsember 2017. T\u00f5lk. Kristjan Sander<\/li>\n<li>Clifford <strong>Simak <\/strong>\u00abNaaber\u00bb. Antoloogia \u00abShanidar\u00bb. T\u00f5lk. Arvi Nikkarev<\/li>\n<li>Sylvia <strong>Spruck<\/strong> <strong>Wrigley<\/strong> \u00abKomeedi p\u00fc\u00fcdmine\u00bb. Algernon, m\u00e4rts 2017. T\u00f5lk. Juhan Habicht<\/li>\n<li>David <strong>Zindell <\/strong>\u00abShanidar\u00bb. Antoloogia \u00abShanidar\u00bb. T\u00f5lk. Arvi Nikkarev<\/li>\n<li>Valentina <strong>\u017duravljova<\/strong> \u00abAstronaut\u00bb. Antoloogia \u00abMe armastame Maad 2. Viimane laev\u00bb. T\u00f5lk. Veiko Belials<\/li>\n<li>Valentina <strong>\u017duravljova<\/strong> \u00ab\u201cKotkapoeg\u201c ei naase\u00bb. Antoloogia \u00abMe armastame Maad 2. Viimane laev\u00bb. T\u00f5lk. Veiko Belials<\/li>\n<li>Adriaan <strong>van Garde <\/strong>\u00abViimsep\u00e4eva rapsoodia\u00bb. Reaktor, november 2017. T\u00f5lk. Tiina Intal<\/li>\n<li>Ilja <strong>Var\u0161avski<\/strong> \u00abOtsusta ometi, piloot\u00bb. Antoloogia \u00abMe armastame Maad 2. Viimane laev\u00bb. T\u00f5lk. Veiko Belials<\/li>\n<li>\u00a0Walter Jon <strong>Williams<\/strong> \u00abIssi maailm\u00bb. Antoloogia \u00abShanidar\u00bb. T\u00f5lk. Arvi Nikkarev<\/li>\n<\/ul>\n<p><strong>\u00a0<strong>Parim eesti autori romaan<\/strong><\/strong><\/p>\n<ul>\n<li>Margus <strong>Aru<\/strong> \u00abNora\u00bb. \u00dchendus T\u00e4hev\u00e4rav.<\/li>\n<li>Koidu <strong>Ferreira<\/strong> \u00abDomineeriv v\u00e4rv. Tumepunane\u00bb. Varrak<\/li>\n<li>Indrek <strong>Hargla<\/strong> \u00abMeriv\u00e4lja\u00bb. Raudhammas<\/li>\n<li>Merilin R<strong>. J\u00fcrjo<\/strong> \u00abKui tee viis \u00fcle j\u00f5e\u00bb. Pegasus<\/li>\n<li>Paavo <strong>Matsin<\/strong> \u00abMust p\u00e4ike\u00bb. Lepp ja Nagel<\/li>\n<li>Triinu <strong>Meres<\/strong> \u00abLihtsad valikud\u00bb. Varrak<\/li>\n<li>Reeli <strong>Reinaus <\/strong>\u00abSan Augustini vereohvrid\u00bb. T\u00e4nap\u00e4ev<\/li>\n<li>Ove M. <strong>Suur<\/strong> \u00abCollateral damage\u00bb I ja II. TKK<\/li>\n<li>Aare <strong>Tamm<\/strong> \u00abKaks elu\u00bb. Aare Tamm<\/li>\n<li>Jaan <strong>Tepp <\/strong>\u00abMaria Theresia taaler\u00bb. Mustriratsanik<\/li>\n<li>Kaido <strong>Tiigisoon<\/strong> \u00abKus pingviinid ei laula\u00bb. Varrak<\/li>\n<li>Ilmar <strong>Tomusk<\/strong> \u00abSeiklused paralleelmaailmas\u00bb. Tammerraamat<\/li>\n<li>Urmas <strong>Vadi<\/strong> \u00abNeverland\u00bb. Kolm Tarka.<\/li>\n<li>Markus <strong>Vetemaa<\/strong> \u00abTarkade kivi ja kannabinoidid\u00bb. Punased Palmid<\/li>\n<li>Heinrich <strong>Weinberg<\/strong>\u00a0\u00abEnesev\u00e4\u00e4rikusel pole sellega midagi pistmist\u00bb. Fantaasia<\/li>\n<\/ul>\n<p><strong>Parim eesti autori l\u00fchiromaan v\u00f5i jutustus<\/strong><\/p>\n<ul>\n<li>Dani <strong>Adler<\/strong> \u00abJuhtmevaba armastus\u00bb. T\u00e4heaeg 17. P\u00e4\u00e4sta meid kurjast. Fantaasia<\/li>\n<li>Veiko <strong>Belials<\/strong> \u00abSurnud mehe k\u00e4si\u00bb. T\u00e4heaeg 16. Hirmu planeet. Fantaasia<\/li>\n<li>Siret <strong>Campbell<\/strong> \u00abBeatrice\u00bb. Eesti Teatri Agentuur<\/li>\n<li>\u00a0Indrek <strong>Hargla <\/strong>\u00ab<em>Clemens Fellinus, Rex estonicum<\/em>\u00bb. Eestid, mida ei olnud. Elisa\/Raudhammas<\/li>\n<li>Miikael <strong>Jekimov<\/strong> \u00abTerra Nova kuningas\u00bb. T\u00e4heaeg 16. Hirmu planeet. Fantaasia<\/li>\n<li>Miikael <strong>Jekimov <\/strong>\u00abTuuler\u00e4ndur\u00bb. T\u00e4heaeg 17. P\u00e4\u00e4sta meid kurjast. Fantaasia<\/li>\n<li>Manfred <strong>Kalmsten<\/strong> \u00abRaske vihm\u00bb. T\u00e4heaeg 17. P\u00e4\u00e4sta meid kurjast. Fantaasia<\/li>\n<li>Anni <strong>Kraft<\/strong> \u00abVerilaid\u00bb. Reaktor, juuli 2017<\/li>\n<li>Toomas <strong>Krips<\/strong> \u00abTagasi maa peale\u00bb. Reaktor, mai 2017<\/li>\n<li>Aleksander D. <strong>Lannes <\/strong>\u00abEnne kui lahvatab leek\u00bb. T\u00e4heaeg 17. P\u00e4\u00e4sta meid kurjast. Fantaasia<\/li>\n<li>Mairi <strong>Laurik<\/strong> \u00abZombid tekitavad laipu\u00bb. Reaktor, juuni 2017<\/li>\n<li>\u00a0Mann <strong>Loper<\/strong> \u00abSee linn on meile kalliks maksma l\u00e4inud\u00bb. Eestid, mida ei olnud. Raudhammas<\/li>\n<li>Jaagup <strong>Mahkra<\/strong> \u00abVeenuse kuninganna\u00bb. T\u00e4heaeg 16. Hirmu planeet. Fantaasia<\/li>\n<li>\u00a0Jaagup <strong>Mahkra<\/strong> \u00abTarvaste tulek\u00bb. Eestid, mida ei olnud. Elisa\/Raudhammas<\/li>\n<li>Triinu <strong>Meres<\/strong> \u00abRohelistest v\u00e4lisseintest plastakendeni\u00bb. T\u00e4heaeg 17. P\u00e4\u00e4sta meid kurjast. Fantaasia<\/li>\n<li>Kaisa-Liina <strong>N\u00e4\u00e4r<\/strong> \u00abMina: kaitsja\u00bb. T\u00e4heaeg 17. P\u00e4\u00e4sta meid kurjast. Fantaasia<\/li>\n<li>Rait <strong>Piir <\/strong>\u00abPilvelinna bluus\u00bb. Reaktor jaanuar, veebruar, m\u00e4rts 2017<\/li>\n<li>Kell <strong>Rajasalu<\/strong> \u00abAlkeemiku t\u00e4ht\u00bb. Reaktor, mai 2017<\/li>\n<li>Leila <strong>Tael-Mike\u0161in<\/strong>, Agur <strong>T\u00e4nav<\/strong> ja J. J. <strong>Metsavana <\/strong>\u00abKuidas haldjas orki lendas\u00bb. Reaktor, juuli 2017<\/li>\n<li>Maniakkide <strong>T\u00e4nav <\/strong>\u00abTs\u00f6libaadi l\u00f5pp\u00bb. T\u00e4heaeg 17. P\u00e4\u00e4sta meid kurjast. Fantaasia<\/li>\n<li>\u00a0Maniakkide <strong>T\u00e4nav <\/strong>\u00abKolmanda Reichi triumf!\u00bb. Eestid, mida ei olnud. Elisa\/Raudhammas<\/li>\n<li>Maniakkide <strong>T\u00e4nav<\/strong> ja J. J. <strong>Metsavana <\/strong>\u00abUppunud vaakumisse\u00bb. T\u00e4heaeg 16. Hirmu planeet.<\/li>\n<li>Heinrich <strong>Weinberg<\/strong> \u00abL\u00f5pp ei tule enne, kui Paks Daam laulab\u00bb. T\u00e4heaeg 16. Hirmu planeet.<\/li>\n<li>Heinrich <strong>Weinberg<\/strong> \u00abMitmekihilisem\u00bb. Reaktor, aprill 2017<\/li>\n<li>Heinrich <strong>Weinberg<\/strong> \u00abVabavalla kaotamine\u00bb. Eestid, mida ei olnud. Raudhammas<\/li>\n<li>Heinrich <strong>Weinberg<\/strong>, Reidar<strong> Andreson<\/strong> \u00abP\u00e4\u00e4sta meid kurjast\u00bb. T\u00e4heaeg 17. P\u00e4\u00e4sta meid kurjast. Fantaasia<\/li>\n<li>Heinrich <strong>Weinberg<\/strong> \u00abHelisev muusika\u00bb. Reaktor, detsember 2017<\/li>\n<\/ul>\n<p><strong>Parim eesti autori l\u00fchijutt<\/strong><\/p>\n<ul>\n<li>Dani <strong>Adler<\/strong> \u00abTunneli l\u00f5pus\u00bb. Reaktor, august 2017<\/li>\n<li>\u00a0Tormi <strong>Ariva<\/strong> \u00abDeduktiivne meetod\u00bb. Reaktor, detsember 2017<\/li>\n<li>\u00a0Veiko <strong>Belials; <\/strong>J.J.<strong> Metsavana<\/strong> \u00abPiisab, kui seinale kritseldad B\u00bb. Eestid, mida ei olnud. Elisa\/Raudhammas<\/li>\n<li>Fred <strong>Elhi<\/strong> \u00abPahupidi liblikaefekt\u00bb. Reaktor, august 2017<\/li>\n<li>Piret <strong>Frey<\/strong> \u00abK\u00f5ik kivide p\u00e4rast\u00bb. T\u00e4heaeg 17. P\u00e4\u00e4sta meid kurjast. Fantaasia<\/li>\n<li>\u00a0Meelis <strong>Friedenthal <\/strong>\u00abKasuksepp\u00bb. Eestid, mida ei olnud. Elisa\/Raudhammas<\/li>\n<li>Roman <strong>Gaidait\u0161uk<\/strong> \u00abTeine uks paremat k\u00e4tt\u00bb. Algernon, juuni 2017<\/li>\n<li>Maks <strong>Hull<\/strong> \u00abPikk mees tuleb\u00bb. Reaktor, juuli 2017<\/li>\n<li>Miikael <strong>Jekimov <\/strong>\u00ab\u00dc\u00fcriaeg\u00bb. Reaktor, oktoober 2017<\/li>\n<li>Risto J. <strong>Juvanen<\/strong> \u00abVii mind kus palju valgust\u00bb. Reaktor, november 2017<\/li>\n<li>K. <strong>J\u00fcrgens<\/strong> \u00abJumala hingus\u00bb. T\u00e4heaeg 17. P\u00e4\u00e4sta meid kurjast. Fantaasia<\/li>\n<li>Karri <strong>Kaas<\/strong>, Asso <strong>Puidet<\/strong> \u00abValguse v\u00f5imendamine ergastatud kiirguse abil\u00bb. Reaktor, september 2017<\/li>\n<li>Kalju <strong>Kivi <\/strong>\u00abManamine algajatele\u00bb. Reaktor, juuli 2017<\/li>\n<li>Ene <strong>Koppelmann <\/strong>\u00ab8\u00bb. Reaktor, juuli 2017<\/li>\n<li>\u00a0<strong>Krafinna <\/strong>\u00abElu j\u00f5ud\u00bb. Eestid, mida ei olnud. Raudhammas<\/li>\n<li>\u00a0Helen <strong>K\u00e4it<\/strong> \u00abPilv\u00bb. Reaktor, detsember 2017<\/li>\n<li>\u00a0Mairi <strong>Laurik <\/strong>\u00abJumala armulikkus\u00bb. Eestid, mida ei olnud. Raudhammas<\/li>\n<li>Ken <strong>Leek<\/strong> \u00abTrollipeatuses\u00bb. Reaktor, jaanuar 2017<\/li>\n<li>\u00a0Jaagup <strong>Mahkra <\/strong>\u00abVeenuse s\u00fcnd\u00bb. Reaktor, detsember 2017<\/li>\n<li>J.J. <strong>Metsavana<\/strong> \u00abVladi \u00e4rkamine\u00bb. Reaktor, m\u00e4rts 2017<\/li>\n<li>J.J. <strong>Metsavana<\/strong> \u00abDas Kulturkonflikt\u00bb. Reaktor, august 2017<\/li>\n<li>Aliise <strong>Pimedusemaalt <\/strong>\u00abSurmas\u00f6\u00f6ja\u00bb. Reaktor, juuni 2017<\/li>\n<li>Taivo <strong>Rist<\/strong> \u00abHommikukohv\u00bb. Reaktor, november 2017<\/li>\n<li>Artur <strong>R\u00e4pp<\/strong> \u00abTe olete teine\u00bb. Reaktor, aprill 2017<\/li>\n<li>Piret <strong>Saul-Gorodilov<\/strong> \u00abPrinditud (l)ootused\u00bb. Reaktor, juuni 2017<\/li>\n<li>Andrei <strong>Samoldin<\/strong> \u00abM\u00fc\u00fcr\u00bb. Reaktor, oktoober 2017<\/li>\n<li>\u00a0Mart <strong>Sander <\/strong>\u00abSaatan Robert\u00bb. Eestid, mida ei olnud. Raudhammas<\/li>\n<li>\u00a0Mihkel <strong>Seeder<\/strong> \u00abErnst Meele Eesti\u00bb. Eestid, mida ei olnud. Elisa\/Raudhammas<\/li>\n<li>Leila <strong>Tael-Mike\u0161in<\/strong> \u00abMustade Inglite Armee\u00bb. Reaktor, mai 2017<\/li>\n<li>Karmo <strong>Talts<\/strong> \u00abKoletu Kristatos\u00bb. Reaktor, juuni 2017<\/li>\n<li>Karmo <strong>Talts<\/strong> \u00abReevesi ema\u00bb. Reaktor, september 2017<\/li>\n<li>Karmo <strong>Talts<\/strong> \u00abSupermeheks saamine\u00bb. Reaktor, november 2017<\/li>\n<li>Kaido <strong>Tiigisoon<\/strong> \u00abKassiliiv\u00bb. Reaktor, juuni 2017<\/li>\n<li>Kaido <strong>Tiigisoon<\/strong> \u00abR\u00e4ppar vastu tahtmist\u00bb. Reaktor, aprill 2017<\/li>\n<li>Kaido <strong>Tiigisoon<\/strong> \u00abJuriidilised probleemid\u00bb. Reaktor, oktoober 2017<\/li>\n<li>Maniakkide <strong>T\u00e4nav<\/strong> \u00abMeie k\u00fclas n\u00e4hti imet\u00bb. T\u00e4heaeg 17. P\u00e4\u00e4sta meid kurjast. Fantaasia<\/li>\n<li>Silver <strong>T\u00fcrk<\/strong> \u00abKultuurievolutsioon\u00bb. Reaktor, veebruar 2017<\/li>\n<li>\u00a0Siim <strong>Veskimees<\/strong> \u00abValendab \u00fcksik prooton\u00bb. Eestid, mida ei olnud. Raudhammas<\/li>\n<li>\u00a0Siim <strong>Veskimees<\/strong> \u00abVihap\u00f5letus\u00bb. Algernon, detsember 2017<\/li>\n<li>Ater <strong>Vulpes <\/strong>\u00abV\u00e4elaegaste loomine\u00bb. Reaktor, m\u00e4rts 2017<\/li>\n<li>Riho <strong>V\u00e4lk <\/strong>\u00abMarssi vallutamas\u00bb. Reaktor, juuli 2017<\/li>\n<\/ul>\n","protected":false},"excerpt":{"rendered":"<p>Parim t\u00f5lkeromaan Joe Abercrombie \u00abPool maailma\u00bb. T\u00e4nap\u00e4ev. T\u00f5lk. Tiina Randus Brian Aldiss \u00abPeatumata\u00bb. Fantaasia. T\u00f5lk. Maria Reile Arad \u00abProjekt \u00abT\u00e4hetolm\u00bb\u00bb. Algernon, detsember 2017. T\u00f5lk. Osvald Soobel Isaac Asimov \u00abKosmosehoovused\u00bb. Fantaasia. T\u00f5lk. Ats Miller ja Roland L\u00e4mm Victoria Aveyard \u00abKuninga kong\u00bb. &hellip; <a href=\"http:\/\/ulme.ee\/veeb\/?page_id=8952&#038;lang=et\">J\u00e4tka lugemist <span class=\"meta-nav\">&rarr;<\/span><\/a><\/p>\n","protected":false},"author":1,"featured_media":0,"parent":0,"menu_order":0,"comment_status":"closed","ping_status":"closed","template":"","meta":{"footnotes":""},"_links":{"self":[{"href":"http:\/\/ulme.ee\/veeb\/index.php?rest_route=\/wp\/v2\/pages\/8952"}],"collection":[{"href":"http:\/\/ulme.ee\/veeb\/index.php?rest_route=\/wp\/v2\/pages"}],"about":[{"href":"http:\/\/ulme.ee\/veeb\/index.php?rest_route=\/wp\/v2\/types\/page"}],"author":[{"embeddable":true,"href":"http:\/\/ulme.ee\/veeb\/index.php?rest_route=\/wp\/v2\/users\/1"}],"replies":[{"embeddable":true,"href":"http:\/\/ulme.ee\/veeb\/index.php?rest_route=%2Fwp%2Fv2%2Fcomments&post=8952"}],"version-history":[{"count":8,"href":"http:\/\/ulme.ee\/veeb\/index.php?rest_route=\/wp\/v2\/pages\/8952\/revisions"}],"predecessor-version":[{"id":8993,"href":"http:\/\/ulme.ee\/veeb\/index.php?rest_route=\/wp\/v2\/pages\/8952\/revisions\/8993"}],"wp:attachment":[{"href":"http:\/\/ulme.ee\/veeb\/index.php?rest_route=%2Fwp%2Fv2%2Fmedia&parent=8952"}],"curies":[{"name":"wp","href":"https:\/\/api.w.org\/{rel}","templated":true}]}}