{"id":8077,"date":"2016-10-31T13:35:51","date_gmt":"2016-10-31T11:35:51","guid":{"rendered":"http:\/\/ulme.ee\/veeb\/?page_id=8077"},"modified":"2017-07-27T14:24:03","modified_gmt":"2017-07-27T11:24:03","slug":"jutuvoistlus-2017","status":"publish","type":"page","link":"http:\/\/ulme.ee\/veeb\/?page_id=8077&lang=et","title":{"rendered":"Jutuv\u00f5istlus 2017"},"content":{"rendered":"<p>Eesti Ulme\u00fchingu ja kirjastuse Fantaasia neljandal ulmejuttude v\u00f5istlusel osales 68 lugu, juttude paremik avaldatakse ulmeantoloogia T\u00e4heaeg j\u00e4rjekordses numbris. Kuna avaldamisk\u00f5lblikke jutte oli peaaegu kolmk\u00fcmmend, siis jagub jutte ka v\u00f5rguajakirja Reaktor ja Reaktori jutukogumikku Tuumahiid, mis ilmub loodetavasti samaaegselt T\u00e4heajaga.<\/p>\n<p>\u00c4ram\u00e4rgitud esik\u00fcmne osas tundus seekordne v\u00f5istlus tugevam kui varasemad. Kui eelmisel korral oli m\u00f5nev\u00f5rra rohkem postapokal\u00fcptikat, siis seekord oli m\u00e4rks\u00f5naks huumor \u2013 mitte k\u00fcll k\u00f5igis lugudes, aga siiski rohkem kui tavaliselt. Torkas silma ka soov Eestist ja t\u00e4nap\u00e4evast eemalduda ja kirjeldada pigem v\u00f5\u00f5ramat v\u00f5i fantastilisemat keskkonda. Edu saatiski pigem neid, kes julgesid fantaasial lennata lasta.<\/p>\n<p>Meeldiv oli ka t\u00f5deda, et autorid on hakanud etteantud mahu \u00fclempiire \u00e4ra kasutama ja tahavad kirjutada pikalt, ehk jutustada p\u00f5hjalikult fabuleeritud lugu.<\/p>\n<p>Tulemused<br \/>\n1. koht \u201eP\u00e4\u00e4sta meid kurjast\u201c, Heinrich Weinberg, Reidar Andreson<br \/>\n2. koht \u201eTs\u00f6libaadi l\u00f5pp\u201c, Maniakkide T\u00e4nav<br \/>\n3. koht \u201eJuhtmevaba armastus\u201c, Luule Lille<br \/>\n4. koht \u201eEnne kui lahvatab leek\u201c, Aleksander D. Lannes<br \/>\n5. koht \u201eTuuler\u00e4ndur\u201c, Miikael Jekimov<br \/>\n6. koht \u201eK\u00f5ik kivide p\u00e4rast\u201c, Piret Frey<br \/>\n7. koht \u201eMeie k\u00fclas n\u00e4hti imet\u201c, Maniakkide T\u00e4nav<br \/>\n8. koht \u201eJumala hingus\u201c, T. K. J\u00fcrgens<br \/>\n9. koht \u201eRaske vihm\u201c, Manfred Kalmsten<br \/>\n10.\u201311. koht \u201eRohelistest v\u00e4lisseintest plastakendeni ehk n\u00e4itus Geuna linnapildi ajaloost\u201c, Triinu Meres<br \/>\n10.\u201311. koht \u201eMina: kaitsja\u201c, Kaisa-Liina N\u00e4\u00e4r<\/p>\n<p>Teise vooru p\u00e4\u00e4senud lood (kohad 12-21): \u201eDas Kulturkonflikt\u201c, \u201eVerilaid\u201c, \u201eMustade inglite armee\u201c, \u201eValguse v\u00f5imendamine ergastatud kiirguse abil\u201c, \u201eAlkeemiku t\u00e4ht\u201c, \u201eTagasi maa peale\u201c, \u201eKuidas haldjas orki lendas\u201c, \u201eTaevatrepi punased astmed\u201c, \u201ePrinditud (l)ootused\u201c, \u201eUdriku k\u00fcla surnumanaja\u201c.<\/p>\n<p><span style=\"font-size: large;\">Jutuv\u00f5istluse tulemustest teatamine toimus 13. mail kl 12 Tartu Linnaraamatukogu neljanda korruse saalis. Pakuti veini ja suupisteid, r\u00e4\u00e4giti\u00a0ulme\u00fchingust, jutukirjutamise t\u00f6\u00f6tubadest, kirjastusest Fantaasia ning sellest, mis v\u00f5istlusele saabunud lugudest edasi saab. V\u00f5istluse toetajate hulka kuulusid Eesti Kultuurkapital, Eesti Ulme\u00fching, kirjastus Fantaasia ja tr\u00fckikoda DiPri. \u017d\u00fcriisse kuulusid\u00a0Raul Sulbi, Juhan Habicht, Eva Luts, Ats Miller, Mann Loper.<\/span><\/p>\n<p>&nbsp;<\/p>\n<p>&nbsp;<\/p>\n","protected":false},"excerpt":{"rendered":"<p>Eesti Ulme\u00fchingu ja kirjastuse Fantaasia neljandal ulmejuttude v\u00f5istlusel osales 68 lugu, juttude paremik avaldatakse ulmeantoloogia T\u00e4heaeg j\u00e4rjekordses numbris. Kuna avaldamisk\u00f5lblikke jutte oli peaaegu kolmk\u00fcmmend, siis jagub jutte ka v\u00f5rguajakirja Reaktor ja Reaktori jutukogumikku Tuumahiid, mis ilmub loodetavasti samaaegselt T\u00e4heajaga. \u00c4ram\u00e4rgitud &hellip; <a href=\"http:\/\/ulme.ee\/veeb\/?page_id=8077&#038;lang=et\">J\u00e4tka lugemist <span class=\"meta-nav\">&rarr;<\/span><\/a><\/p>\n","protected":false},"author":1,"featured_media":0,"parent":0,"menu_order":0,"comment_status":"closed","ping_status":"closed","template":"","meta":{"footnotes":""},"_links":{"self":[{"href":"http:\/\/ulme.ee\/veeb\/index.php?rest_route=\/wp\/v2\/pages\/8077"}],"collection":[{"href":"http:\/\/ulme.ee\/veeb\/index.php?rest_route=\/wp\/v2\/pages"}],"about":[{"href":"http:\/\/ulme.ee\/veeb\/index.php?rest_route=\/wp\/v2\/types\/page"}],"author":[{"embeddable":true,"href":"http:\/\/ulme.ee\/veeb\/index.php?rest_route=\/wp\/v2\/users\/1"}],"replies":[{"embeddable":true,"href":"http:\/\/ulme.ee\/veeb\/index.php?rest_route=%2Fwp%2Fv2%2Fcomments&post=8077"}],"version-history":[{"count":9,"href":"http:\/\/ulme.ee\/veeb\/index.php?rest_route=\/wp\/v2\/pages\/8077\/revisions"}],"predecessor-version":[{"id":8571,"href":"http:\/\/ulme.ee\/veeb\/index.php?rest_route=\/wp\/v2\/pages\/8077\/revisions\/8571"}],"wp:attachment":[{"href":"http:\/\/ulme.ee\/veeb\/index.php?rest_route=%2Fwp%2Fv2%2Fmedia&parent=8077"}],"curies":[{"name":"wp","href":"https:\/\/api.w.org\/{rel}","templated":true}]}}