{"id":7693,"date":"2016-08-08T16:52:28","date_gmt":"2016-08-08T13:52:28","guid":{"rendered":"http:\/\/esuaxue.havike.eenet.ee\/veeb\/?page_id=7693"},"modified":"2016-08-19T22:44:34","modified_gmt":"2016-08-19T19:44:34","slug":"estcon-2011-filmiprogramm","status":"publish","type":"page","link":"http:\/\/ulme.ee\/veeb\/?page_id=7693&lang=et","title":{"rendered":"Estcon 2011 filmiprogramm"},"content":{"rendered":"<div class=\"attribute-short\">\n<p>Estconi filmiprogrammi eesm\u00e4rk on tutvustada filme, mida sa t\u00f5en\u00e4oliselt ei ole n\u00e4inud, aga v\u00f5iksid vaadata, sest nad on head.<\/p>\n<\/div>\n<div class=\"attribute-long\">\n<p><i>Filmiprogramm: REEDE<\/i><\/p>\n<p><b>L\u00fchianimatsioonid<\/b>. Peot\u00e4is Vene ja l\u00e4\u00e4ne autorite ulmeteemalisi l\u00fchilugusid<\/p>\n<p><b>Cyber Ninja, Mirai Ninja<\/b> (1988) &#8211; M\u00f5nus anakronistlik supp robotitest, ninjadest ja ida filosoofiast<br \/>\n<a href=\"http:\/\/full-metal-metsavana.blogspot.com\/2010\/10\/cyber-ninja-mirai-ninja-1988.html\" target=\"_self\">http:\/\/full-metal-metsavana.blogspot.com\/2010\/10\/cyber-ninja-mirai-ninja-1988.html<\/a><\/p>\n<p><b>Z\u00edtra vstanu a opar\u00edm se cajem<\/b> (1977) &#8211; Muhe kom\u00f6\u00f6dia ajar\u00e4ndudest<br \/>\n<a href=\"http:\/\/full-metal-metsavana.blogspot.com\/2009\/01\/ztra-vstanu-oparm-se-cajem-1977.html\" target=\"_self\">http:\/\/full-metal-metsavana.blogspot.com\/2009\/01\/ztra-vstanu-oparm-se-cajem-1977.html<\/a><br \/>\n<a href=\"http:\/\/ulmeseosed.blogspot.com\/2008\/09\/ztra-vstanu-oparm-se-cajem-1977.html%20\" target=\"_self\">http:\/\/ulmeseosed.blogspot.com\/2008\/09\/ztra-vstanu-oparm-se-cajem-1977.html<\/a><\/p>\n<p><b>The Hunt for Gollum<\/b> (2009) &#8211; S\u00f5rmuste Isanda f\u00e4nnifilm<br \/>\n<a href=\"http:\/\/trash-can-dance.blogspot.com\/2009\/08\/hunt-for-gollum.html\" target=\"_self\">http:\/\/trash-can-dance.blogspot.com\/2009\/08\/hunt-for-gollum.html<\/a><\/p>\n<p><b>Stake land<\/b> (2010) &#8211; \u00d5udus<br \/>\n<a href=\"http:\/\/filmifanaatik.blogspot.com.ee\/2011\/05\/hoff-stake-land-2010.html\">filmifanaatik<\/a><br \/>\n<a href=\"http:\/\/2011.hoff.ee\/2011\/04\/08\/tootatud-maa\/\">H\u00d5FF<\/a><a href=\"http:\/\/filmifanaatik.blogspot.com.ee\/2011\/05\/hoff-stake-land-2010.html\"><\/a><\/p>\n<p>&nbsp;<\/p>\n<p><i>Filmiprogramm: LAUP\u00c4EV<\/i><\/p>\n<p><b>Ganheddo<\/b> (<b>Gunhed<\/b>) (1989) &#8211; postapokal\u00fcptiline k\u00fcberpunk<br \/>\n<a href=\"http:\/\/full-metal-metsavana.blogspot.com\/2009\/11\/ganheddo-gunhed-1989.html\" target=\"_self\">http:\/\/full-metal-metsavana.blogspot.com\/2009\/11\/ganheddo-gunhed-1989.html<\/a><br \/>\n<a href=\"http:\/\/trash-can-dance.blogspot.com\/2009\/10\/gunhed-gun-unit-heavy-elimination.html\" target=\"_self\">http:\/\/trash-can-dance.blogspot.com\/2009\/10\/gunhed-gun-unit-heavy-elimination.html<\/a><\/p>\n<p><b>Nirvana<\/b> (1997) &#8211; K\u00fcberpunk<br \/>\n<a href=\"http:\/\/full-metal-metsavana.blogspot.com\/2009\/08\/nirvana-1997.html\" target=\"_self\">http:\/\/full-metal-metsavana.blogspot.com\/2009\/08\/nirvana-1997.html<\/a><\/p>\n<p><b>Starcrash <\/b>(1978) &#8211; \u00c4\u00e4rmiselt humoorikas ja \u00fcdini camp versioon Star Warsist<br \/>\n<a href=\"http:\/\/full-metal-metsavana.blogspot.com\/2009\/11\/starcrash-1978.html\" target=\"_self\">http:\/\/full-metal-metsavana.blogspot.com\/2009\/11\/starcrash-1978.html<\/a><\/p>\n<p><b>The Dark Hour<\/b> (2005) &#8211; Horrorit, zombiekat ning ulmet kokku siduv p\u00f5nevik.<br \/>\n<a href=\"http:\/\/trash-can-dance.blogspot.com\/2010\/09\/dark-hour-cold-hour.html\" target=\"_self\">http:\/\/trash-can-dance.blogspot.com\/2010\/09\/dark-hour-cold-hour.html<\/a><\/p>\n<p><b>Hobo with a Shotgun<\/b> (2011) \u2013 \u00d5uduskom\u00f6\u00f6dia<br \/>\n<a href=\"http:\/\/full-metal-metsavana.blogspot.com\/2010\/11\/hogo-with-shotgun.html\" target=\"_self\">http:\/\/full-metal-metsavana.blogspot.com\/2010\/11\/hogo-with-shotgun.html<\/a><\/p>\n<p>***<\/p>\n<p>Filmiprogrammi panid kokku Joel Jans ja Trash. Kohapeal kannab filmitutvustuste ja tehnika eest hoolt <b>Joel Jans<\/b>.<\/p>\n<\/div>\n","protected":false},"excerpt":{"rendered":"<p>Estconi filmiprogrammi eesm\u00e4rk on tutvustada filme, mida sa t\u00f5en\u00e4oliselt ei ole n\u00e4inud, aga v\u00f5iksid vaadata, sest nad on head. Filmiprogramm: REEDE L\u00fchianimatsioonid. Peot\u00e4is Vene ja l\u00e4\u00e4ne autorite ulmeteemalisi l\u00fchilugusid Cyber Ninja, Mirai Ninja (1988) &#8211; M\u00f5nus anakronistlik supp robotitest, ninjadest &hellip; <a href=\"http:\/\/ulme.ee\/veeb\/?page_id=7693&#038;lang=et\">J\u00e4tka lugemist <span class=\"meta-nav\">&rarr;<\/span><\/a><\/p>\n","protected":false},"author":1,"featured_media":0,"parent":0,"menu_order":0,"comment_status":"closed","ping_status":"closed","template":"","meta":{"footnotes":""},"_links":{"self":[{"href":"http:\/\/ulme.ee\/veeb\/index.php?rest_route=\/wp\/v2\/pages\/7693"}],"collection":[{"href":"http:\/\/ulme.ee\/veeb\/index.php?rest_route=\/wp\/v2\/pages"}],"about":[{"href":"http:\/\/ulme.ee\/veeb\/index.php?rest_route=\/wp\/v2\/types\/page"}],"author":[{"embeddable":true,"href":"http:\/\/ulme.ee\/veeb\/index.php?rest_route=\/wp\/v2\/users\/1"}],"replies":[{"embeddable":true,"href":"http:\/\/ulme.ee\/veeb\/index.php?rest_route=%2Fwp%2Fv2%2Fcomments&post=7693"}],"version-history":[{"count":4,"href":"http:\/\/ulme.ee\/veeb\/index.php?rest_route=\/wp\/v2\/pages\/7693\/revisions"}],"predecessor-version":[{"id":7858,"href":"http:\/\/ulme.ee\/veeb\/index.php?rest_route=\/wp\/v2\/pages\/7693\/revisions\/7858"}],"wp:attachment":[{"href":"http:\/\/ulme.ee\/veeb\/index.php?rest_route=%2Fwp%2Fv2%2Fmedia&parent=7693"}],"curies":[{"name":"wp","href":"https:\/\/api.w.org\/{rel}","templated":true}]}}