{"id":3884,"date":"2016-07-26T13:25:51","date_gmt":"2016-07-26T10:25:51","guid":{"rendered":"http:\/\/esuaxue.havike.eenet.ee\/veeb\/?page_id=3884"},"modified":"2016-08-08T16:14:11","modified_gmt":"2016-08-08T13:14:11","slug":"2012-tulemused","status":"publish","type":"page","link":"http:\/\/ulme.ee\/veeb\/?page_id=3884&lang=et","title":{"rendered":"2012 tulemused"},"content":{"rendered":"<div class=\"attribute-short\">\n<p>13.\u201315. juuli toimus Saarj\u00e4rvel Eesti ulmef\u00e4nnide igasuvine kokkusaamine Estcon, seekord juba viieteistk\u00fcmnendat korda.<br \/>\n14. juuli \u00f5htupoolikul kuulutati v\u00e4lja ka selleaastased Eesti ulmeauhinna Stalker v\u00f5itjad, sedagi tehti viiteistk\u00fcmnendat korda.<\/p>\n<\/div>\n<div class=\"attribute-long\">\n<p>H\u00e4\u00e4letuses osales 39 inimest, k\u00f5igis kategooriates h\u00e4\u00e4letas vaid 9 f\u00e4nni.<\/p>\n<p>Nimekirjade seletus: koht, autor, pealkiri (+ t\u00f5lgetel originaalpealkiri), ilmumiskoht, punktid.<\/p>\n<p>Kui punktid on v\u00f5rdsed, siis m\u00e4\u00e4rab j\u00e4rjestuse autorite perekonnanimi.<\/p>\n<p><a id=\"eztoc135683_1\" name=\"eztoc135683_1\"><\/a><\/p>\n<h2>Parim t\u00f5lkeromaan<\/h2>\n<p>H\u00e4\u00e4letajaid oli 31. V\u00f5iduromaani t\u00f5lkis Mario Kivistik.<\/p>\n<p><b>1. George R. R. Martin \u00abM\u00f5\u00f5kade maru\u00bb (<i>A Storm of Swords<\/i>; Varrak) 52<\/b><br \/>\n2. Guy Gavriel Kay \u00abTigana\u00bb (<i>Tigana<\/i>; Varrak) 32<br \/>\n3. Daniel Keyes \u00abLilled Algernonile\u00bb (<i>Flowers for Algernon<\/i>; Ersen) 25<br \/>\n4. Viktor Pelevin \u00abLibalooma P\u00fcha Raamat\u00bb (<i>\u0421\u0432\u044f\u0449\u0435\u043d\u043d\u0430\u044f \u043a\u043d\u0438\u0433\u0430 \u043e\u0431\u043e\u0440\u043e\u0442\u043d\u044f<\/i>; Varrak) 23<br \/>\n5. Peter V. Brett \u00abK\u00f5rbeoda\u00bb (<i>The Desert Spear<\/i>; Varrak) 22<br \/>\n6. Lois McMaster Bujold \u00abVori m\u00e4ng\u00bb (<i>The Vor Game<\/i>; Varrak) 21<br \/>\n7. Roger Zelazny \u00abVarjude r\u00fc\u00fctel\u00bb (<i>Knight of Shadows<\/i>; Fantaasia) 16<br \/>\n8.\u20139. H. P. Lovecraft \u00abHullumeelsuse m\u00e4gedes\u00bb (<i>At the Mountains of Madness<\/i>; Fantaasia) 15<br \/>\n8.\u20139. China Mi\u00e9ville \u00abLinn ja linn\u00bb (<i>The City &amp; the City<\/i>; Varrak) 15<br \/>\n10. Albert S\u00e1nchez Pi\u00f1ol \u00abPandora Kongos\u00bb (<i>Pandora al Congo<\/i>; Pegasus) 7<br \/>\n11.\u201313. Pierre P\u00e9vel \u00abKardinali M\u00f5\u00f5gad\u00bb (<i>Les Lames du cardinal<\/i>; Varrak) 6<br \/>\n11.\u201313. Terry Pratchett \u00abTalvesepp\u00bb (<i>Wintersmith<\/i>; Varrak) 6<br \/>\n11.\u201313. Scott Westerfeld \u00abInetud\u00bb (<i>Uglies<\/i>; Varrak) 6<br \/>\n14.\u201317. Suzanne McLeod \u00abVere magus l\u00f5hn\u00bb (<i>The Sweet Scent of Blood<\/i>; Varrak) 5<br \/>\n14.\u201317. Terry Pratchett \u00abMa kannan kesk\u00f6\u00f6d\u00bb (<i>I Shall Wear Midnight<\/i>; Varrak) 5<br \/>\n14.\u201317. Robert Shea &#8211; Robert Anton Wilson \u00abKuldne \u00f5un\u00bb (<i>The Golden Apple<\/i>; Kirjastuskeskus) 5<br \/>\n14.\u201317. Vladimir Voinovit\u0161 \u00abMoskva 2042\u00bb (<i>\u041c\u043e\u0441\u043a\u0432\u0430 2042<\/i>; Kiil) 5<br \/>\n18. Charlaine Harris \u00abEbasurnud Dallases\u00bb (<i>Living Dead in Dallas<\/i>; Kirjastuskeskus) 4<br \/>\n19.\u201320. William Burroughs \u00abAlasti l\u00f5unas\u00f6\u00f6k\u00bb (<i>Naked Lunch<\/i>; Koolibri) 3<br \/>\n19.\u201320. Jeanette Winterson \u00abKivist jumalad\u00bb (<i>The Stone Gods<\/i>; T\u00e4nap\u00e4ev) 3<br \/>\n21. Walter Moers \u00abKapten Sinikaru 13 ja \u00bd elu\u00bb (<i>Die 13\u00bd Leben des K\u00e4pt&#8217;n Blaub\u00e4r<\/i>; Pegasus) 2<br \/>\n22. Suzanne Collins \u00abPilapaskn\u00e4\u00e4r\u00bb (<i>Mockingjay<\/i>; T\u00e4nap\u00e4ev) 1<\/p>\n<p><a id=\"eztoc135683_2\" name=\"eztoc135683_2\"><\/a><\/p>\n<h2>Parim antoloogia v\u00f5i kogumik<\/h2>\n<p>H\u00e4\u00e4letajaid oli 31.<\/p>\n<p><b>1. Indrek Hargla \u00abSuudlevad vampiirid\u00bb (Fantaasia) 75<\/b><br \/>\n2. Andrzej Sapkowski \u00abViimane soov\u00bb (<i>Ostatnie \u017cyczenie<\/i>; Tiritamm) 62<br \/>\n3. Maniakkide T\u00e4nav \u00abEuromant\u00bb (Fantaasia) 35<br \/>\n4. Lois McMaster Bujold \u00abL\u00f5putuse piirid\u00bb (<i>The Borders of Infinity<\/i>; Varrak) 24<br \/>\n5. Raul Sulbi (<i>koost<\/i>) \u00abT\u00e4heaeg 8: S\u00f5da kosmose rannavetes\u00bb (Fantaasia) 22<br \/>\n6.\u20137. Arvi Nikkarev (<i>koost<\/i>) \u00abNekromanteion\u00bb (Skarabeus) 17<br \/>\n6.\u20137. Raul Sulbi (<i>koost<\/i>) \u00abT\u00e4heaeg 9: Joosta oma varju eest\u00bb (Fantaasia) 17<br \/>\n8. Robert E. Howard \u00abBal-Sagothi jumalad\u00bb (Fantaasia) 15<br \/>\n9. Mihhail Bulgakov \u00abSaatanlik lugu. Saatuslikud munad. Koera s\u00fcda\u00bb (T\u00e4nap\u00e4ev) 11<br \/>\n10. Kersti Kivir\u00fc\u00fct \u00abKaku kabel ja teisi tondijutte\u00bb (Canopus) 1<\/p>\n<p><a id=\"eztoc135683_3\" name=\"eztoc135683_3\"><\/a><\/p>\n<h2>Parim t\u00f5lkejutt<\/h2>\n<p>H\u00e4\u00e4letajaid oli 27. V\u00f5idujutu t\u00f5lkis Eva Luts.<\/p>\n<p><b>1. Paolo Bacigalupi \u00abLiiva ja r\u00e4bu rahvas\u00bb (<i>The People of Sand and Slag<\/i>; antoloogia \u00abT\u00e4heaeg 8: S\u00f5da kosmose rannavetes\u00bb) 33<\/b><br \/>\n2. Andrzej Sapkowski \u00abV\u00e4him kurjus\u00bb (<i>Mniejsze z\u0142o<\/i>; autorikogu \u00abViimane soov\u00bb) 32<br \/>\n3. Wolfgang Jeschke \u00abNekromanteion\u00bb (<i>Nekyomanteion<\/i>; antoloogia \u00abNekromanteion\u00bb) 20<br \/>\n4. Andrzej Sapkowski \u00abViimane soov\u00bb (<i>Ostatnie \u017cyczenie<\/i>; autorikogu \u00abViimane soov\u00bb) 16<br \/>\n5. Jeff VanderMeer \u00abHanoveri parandamine\u00bb (<i>Fixing Hanover<\/i>; antoloogia \u00abT\u00e4heaeg 9: Joosta oma varju eest\u00bb) 14<br \/>\n6. Charles Stross \u00abPalimpsest\u00bb (<i>Palimpsest<\/i>; Fantaasia) 13<br \/>\n7. Andrzej Sapkowski \u00abHinnak\u00fcsimus\u00bb (<i>Kwestia ceny<\/i>; autorikogu \u00abViimane soov\u00bb) 12<br \/>\n8.\u20139. Lois McMaster Bujold \u00abLab\u00fcrint\u00bb (<i>Labyrinth<\/i>; autorikogu \u00abL\u00f5putuse piirid\u00bb) 10<br \/>\n8.\u20139. Alastair Reynolds \u00abPandora laegas\u00bb (<i>Pandora&#8217;s Box<\/i>; antoloogia \u00abT\u00e4heaeg 8: S\u00f5da kosmose rannavetes\u00bb) 10<br \/>\n10.\u201311. Lois McMaster Bujold \u00abLeinam\u00e4ed\u00bb (<i>The Mountains of Mourning<\/i>; autorikogu \u00abL\u00f5putuse piirid\u00bb) 9<br \/>\n10.\u201311. Arthur C. Clarke \u00abComarre&#8217;i l\u00f5vi\u00bb (<i>The Lion of Comarre<\/i>; Fantaasia) 9<br \/>\n12.\u201313. Andrzej Sapkowski \u00abMaailma \u00e4\u00e4r\u00bb (<i>Kraniec \u015bwiata<\/i>; autorikogu \u00abViimane soov\u00bb) 8<br \/>\n12.\u201313. Robert E. Howard \u00abT\u00f5mmu mees\u00bb (<i>The Dark Man<\/i>; autorikogu \u00abBal-Sagothi jumalad\u00bb) 8<br \/>\n14. Lois McMaster Bujold \u00abL\u00f5putuse piirid\u00bb (<i>The Borders of Infinity<\/i>; autorikogu \u00abL\u00f5putuse piirid\u00bb) 7<br \/>\n15.\u201318. Roald Dahl \u00abSuur Automaatne Grammatisaator\u00bb (<i>The Great Automatic Grammatisator<\/i>; autorikogu \u00abKeegi sinu moodi\u00bb) 5<br \/>\n15.\u201318. Johanna Sinisalo \u00ab\u00dcheksa savipotti\u00bb (<i>Yhdeks\u00e4n ruukkua<\/i>; antoloogia \u00abNekromanteion\u00bb) 5<br \/>\n15.\u201318. Andreas Eschbach \u00abJuuksevaibakudujad\u00bb (<i>Die Haarteppichkn\u00fcpfer<\/i>; antoloogia \u00abNekromanteion\u00bb) 5<br \/>\n15.\u201318. Robert E. Howard \u00abBal-Sagothi jumalad\u00bb (<i>The Gods of Bal-Sagoth<\/i>; autorikogu \u00abBal-Sagothi jumalad\u00bb) 5<br \/>\n19.\u201320. Andrzej Sapkowski \u00abT\u00f5etera\u00bb (<i>Ziarno prawdy<\/i>; autorikogu \u00abViimane soov\u00bb) 4<br \/>\n19.\u201320. Gert Prokop \u00abKasperle on j\u00e4lle siin\u00bb (<i>Kasperle ist wieder da<\/i>; antoloogia \u00abNekromanteion\u00bb) 4<br \/>\n21.\u201323. Francis Scott Fitzgerald \u00abBenjamin Buttoni kummaline juhtum\u00bb (<i>The Curious Case of Benjamin Button<\/i>; autorikogu \u00abMaip\u00fcha\u00bb) 3<br \/>\n21.\u201323. Haruki Murakami \u00abElevant haihtub\u00bb (<i>Z\u014d no sh\u014dmetsu<\/i>; autorikogu \u00abElevant haihtub\u00bb) 3<br \/>\n21.\u201323. Steve Stanton \u00abTaaskohtumisr\u00f5\u00f5m\u00bb (<i>Gathering Glory<\/i>; \u00abAlgernon\u00bb 2011; detsember) 3<br \/>\n24.\u201328. Robert E. Howard \u00abHallide jumalate loojang\u00bb (<i>The Grey God Passes<\/i>; autorikogu \u00abBal-Sagothi jumalad\u00bb) 1<br \/>\n24.\u201328. Haruki Murakami \u00abLugu pilvitul aprillikuu hommikul sajaprotsendiliselt t\u00e4iusliku t\u00fcdrukuga kohtumisest\u00bb (<i>Shigatsu no aru hareta asa ni 100-paasento no onna no ko ni deau koto ni tsuite<\/i>; autorikogu \u00abElevant haihtub\u00bb) 1<br \/>\n24.\u201328. Haruki Murakami \u00abTV-inimesed\u00bb (<i>TV p\u012bpuru no gyakush\u016b<\/i>; autorikogu \u00abElevant haihtub\u00bb) 1<br \/>\n24.\u201328. Otsuichi \u00abVanasti p\u00e4ikeseloojangu pargis\u00bb (<i>Mukashi Yuhi no K\u014den de<\/i>; \u00abV\u00e4rske R\u00f5hk\u00bb nr 27 (III\/2011)) 1<br \/>\n24.\u201328. Steve Stanton \u00abIgavene viirus\u00bb (<i>Eternal Virus<\/i>; \u00abAlgernon\u00bb 2011; detsember) 1<\/p>\n<p><a id=\"eztoc135683_4\" name=\"eztoc135683_4\"><\/a><\/p>\n<h2>Parim eesti autori romaan<\/h2>\n<p>H\u00e4\u00e4letajaid oli 20.<\/p>\n<p><b>1. Indrek Hargla \u00abSuudlevad vampiirid\u00bb (autorikogu \u00abSuudlevad vampiirid\u00bb) 79<\/b><br \/>\n2. Siim Veskimees \u00abEnnes\u00f5jaaegne kullakarva: Kuu Ordu 2061. aasta s\u00f5ja esimene raamat\u00bb (Fantaasia) 32<br \/>\n3. Mari J\u00e4rve \u00abEsimene aasta\u00bb (Pegasus) 24<br \/>\n4. K\u00e4tlin Koit \u00abN\u00f5ids\u00f5dalane\u00bb (Lorelander) 16<br \/>\n5. Armin K\u00f5om\u00e4gi \u00abHea firma\u00bb (Ji) 9<br \/>\n6. Siim Veskimees \u00abLonghorni lugu\u00bb (\u00abAlgernon\u00bb 2011; detsember) 6<br \/>\n7. Reeli Reinaus \u00abVaevatud\u00bb (T\u00e4nap\u00e4ev) 5<br \/>\n8.\u20139. Airika Harrik \u00abIseenda laps\u00bb (Randvelt) 3<br \/>\n8.\u20139. Sulev Oll \u00abP\u00f5rgup\u00f5hja viimane J\u00fcrka\u00bb (Eesti Ajalehed) 3<br \/>\n10.\u201312. Kersti Kivir\u00fc\u00fct \u00abOkultismiklubi 2: Inglitel puudub huumorimeel\u00bb (T\u00e4nap\u00e4ev) 1<br \/>\n10.\u201312. Kadri K\u00f5usaar \u00abAlfa\u00bb (Hea Lugu) 1<br \/>\n10.\u201312. Kiiri Saar \u00abMartin Greeni juhtum\u00bb (T\u00e4nap\u00e4ev) 1<\/p>\n<p><a id=\"eztoc135683_5\" name=\"eztoc135683_5\"><\/a><\/p>\n<h2>Parim eesti autori l\u00fchiromaan v\u00f5i jutustus<\/h2>\n<p>H\u00e4\u00e4letajaid oli 27.<\/p>\n<p><b>1. Indrek Hargla \u00abJ\u00f5geva elavad surnud\u00bb (autorikogu \u00abSuudlevad vampiirid\u00bb) 65<\/b><br \/>\n2.\u20133. \u00dclle L\u00e4tte \u00abUdriku k\u00fcla naised\u00bb (antoloogia \u00abT\u00e4heaeg 9: Joosta oma varju eest\u00bb) 30<br \/>\n2.\u20133. Maniakkide T\u00e4nav \u00abAjudega t\u00f6\u00f6tajad\u00bb (antoloogia \u00abT\u00e4heaeg 9: Joosta oma varju eest\u00bb) 30<br \/>\n4. Triinu Meres \u00abJoosta oma varju eest\u00bb (antoloogia \u00abT\u00e4heaeg 9: Joosta oma varju eest\u00bb) 27<br \/>\n5. Siim Veskimees \u00abS\u00f5da kosmose rannavetes\u00bb (antoloogia \u00abT\u00e4heaeg 8: S\u00f5da kosmose rannavetes\u00bb) 21<br \/>\n6. Jaagup Mahkra \u00abMaomehe surm\u00bb (\u00abReaktor\u00bb nr 2 (november 2011)) 15<br \/>\n7. Indrek Hargla \u00abKadunud hingede ajaraamat\u00bb (\u00abLooming\u00bb 2011; nr 7 &amp; autorikogu \u00abSuudlevad vampiirid\u00bb) 14<br \/>\n8. Indrek Hargla \u00abTema p\u00e4evad Liinaga\u00bb (autorikogu \u00abSuudlevad vampiirid\u00bb) 12<br \/>\n9. Meelis Friedenthal \u00abRohelised varrukad\u00bb (\u00abAlgernon\u00bb 2011; detsember) 9<br \/>\n10. Tea Roosvald \u00abN\u00f5iamoori Miisu\u00bb (antoloogia \u00abT\u00e4heaeg 9: Joosta oma varju eest\u00bb) 8<br \/>\n11.\u201312. Marcus Kaas \u00ab\u00dcks p\u00fchendunud mees\u00bb (antoloogia \u00abT\u00e4heaeg 8: S\u00f5da kosmose rannavetes\u00bb) 5<br \/>\n11.\u201312. Siim Veskimees \u00abReniardi lugu\u00bb (\u00abAlgernon\u00bb 2011; detsember) 5<br \/>\n13. Tea Lall \u00abKui s\u00fcda ei sure\u00bb (\u00abReaktor\u00bb nr 1 (oktoober 2011)) 2<\/p>\n<p><a id=\"eztoc135683_6\" name=\"eztoc135683_6\"><\/a><\/p>\n<h2>Parim eesti autori l\u00fchijutt<\/h2>\n<p>H\u00e4\u00e4letajaid oli 24.<\/p>\n<p><b>1. Maniakkide T\u00e4nav \u00abEuromant\u00bb (autorikogu \u00abEuromant\u00bb) 40<\/b><br \/>\n2. Kadri Pettai \u00abMuna\u00bb (antoloogia \u00abT\u00e4heaeg 9: Joosta oma varju eest\u00bb) 32<br \/>\n3. Indrek Hargla \u00abApteeker Melchior ja Zarieli raamat\u00bb (autorikogu \u00abSuudlevad vampiirid\u00bb) 24<br \/>\n4. Maniakkide T\u00e4nav \u00abTolmunud soldatid\u00bb (antoloogia \u00abT\u00e4heaeg 8: S\u00f5da kosmose rannavetes\u00bb) 21<br \/>\n5. Canis Vedru \u00abL\u00e4bimurre\u00bb (\u00abReaktor\u00bb nr 3 (detsember 2011)) 14<br \/>\n6. J. J. Metsavana \u00abMasina n\u00f5rkus\u00bb (\u00abReaktor\u00bb nr 2 (november 2011)) 11<br \/>\n7. Marcus Kaas \u00abPoiss ja tema karu\u00bb (\u00abAlgernon\u00bb 2011; detsember) 9<br \/>\n8. Egon Ilisson \u00abAtentaat Kim Jong Ilile\u00bb (\u00abV\u00e4rske R\u00f5hk\u00bb nr 28 (IV\/2011)) 8<br \/>\n9.\u201310. J. J. Metsavana \u00abKindlus taevas\u00bb (\u00abReaktor\u00bb nr 3 (detsember 2011)) 7<br \/>\n9.\u201310. Maniakkide T\u00e4nav \u00abElasid, siis surid\u00bb (autorikogu \u00abEuromant\u00bb) 7<br \/>\n11.\u201313. Andrus Kivir\u00e4hk \u00abPrints ja kerjus\u00bb (\u00abLooming\u00bb 2011; nr 8) 6<br \/>\n11.\u201313. Maniakkide T\u00e4nav \u00abV\u00f5\u00f5ra laip\u00bb (autorikogu \u00abEuromant\u00bb) 6<br \/>\n11.\u201313. J. J. Metsavana \u00abApteeker Melchior ja moonutatud laibad\u00bb (\u00abReaktor\u00bb nr 2 (november 2011)) 6<br \/>\n14. J. J. Metsavana \u00abElva \u00f5udus\u00bb (\u00abReaktor\u00bb nr 1 (oktoober 2011)) 5<br \/>\n15. Taivo Rist \u00abMetsas on palju loomi\u00bb (\u00abAlgernon\u00bb 2011; juuli) 4<br \/>\n16.\u201319. Sirje Kingsepp \u00abLiivalaia timukas\u00bb (\u00abAlgernon\u00bb 2011; juuli) 3<br \/>\n16.\u201319. Krafinna \u00abSuudle mind!\u00bb (\u00abReaktor\u00bb nr 3 (detsember 2011)) 3<br \/>\n16.\u201319. Tanel Raja \u00abKahe maailma vahel\u00bb (\u00abReaktor\u00bb nr 3 (detsember 2011)) 3<br \/>\n16.\u201319. Artur R\u00e4pp \u00abInfos on j\u00f5ud\u00bb (\u00abReaktor\u00bb nr 1 (oktoober 2011)) 3<br \/>\n20.\u201323. Doris Kareva \u00abSinine kivi\u00bb (\u00abLooming\u00bb 2011; nr 9) 1<br \/>\n20.\u201323. Kersti Kivir\u00fc\u00fct \u00abPruutkleit\u00bb (autorikogu \u00abKaku kabel ja teisi tondijutte\u00bb) 1<br \/>\n20.\u201323. Rein Kull \u00abLoom ootab\u00bb (\u00abAlgernon\u00bb 2011; aprill) 1<br \/>\n20.\u201323. Juhani P\u00fcttsepp \u00abS\u00f5numid varjudeta maalt\u00bb (antoloogia \u00abT\u00e4heaeg 8: S\u00f5da kosmose rannavetes\u00bb) 1<\/p>\n<\/div>\n","protected":false},"excerpt":{"rendered":"<p>13.\u201315. juuli toimus Saarj\u00e4rvel Eesti ulmef\u00e4nnide igasuvine kokkusaamine Estcon, seekord juba viieteistk\u00fcmnendat korda. 14. juuli \u00f5htupoolikul kuulutati v\u00e4lja ka selleaastased Eesti ulmeauhinna Stalker v\u00f5itjad, sedagi tehti viiteistk\u00fcmnendat korda. H\u00e4\u00e4letuses osales 39 inimest, k\u00f5igis kategooriates h\u00e4\u00e4letas vaid 9 f\u00e4nni. Nimekirjade seletus: &hellip; <a href=\"http:\/\/ulme.ee\/veeb\/?page_id=3884&#038;lang=et\">J\u00e4tka lugemist <span class=\"meta-nav\">&rarr;<\/span><\/a><\/p>\n","protected":false},"author":1,"featured_media":0,"parent":0,"menu_order":0,"comment_status":"closed","ping_status":"closed","template":"","meta":{"footnotes":""},"_links":{"self":[{"href":"http:\/\/ulme.ee\/veeb\/index.php?rest_route=\/wp\/v2\/pages\/3884"}],"collection":[{"href":"http:\/\/ulme.ee\/veeb\/index.php?rest_route=\/wp\/v2\/pages"}],"about":[{"href":"http:\/\/ulme.ee\/veeb\/index.php?rest_route=\/wp\/v2\/types\/page"}],"author":[{"embeddable":true,"href":"http:\/\/ulme.ee\/veeb\/index.php?rest_route=\/wp\/v2\/users\/1"}],"replies":[{"embeddable":true,"href":"http:\/\/ulme.ee\/veeb\/index.php?rest_route=%2Fwp%2Fv2%2Fcomments&post=3884"}],"version-history":[{"count":2,"href":"http:\/\/ulme.ee\/veeb\/index.php?rest_route=\/wp\/v2\/pages\/3884\/revisions"}],"predecessor-version":[{"id":7667,"href":"http:\/\/ulme.ee\/veeb\/index.php?rest_route=\/wp\/v2\/pages\/3884\/revisions\/7667"}],"wp:attachment":[{"href":"http:\/\/ulme.ee\/veeb\/index.php?rest_route=%2Fwp%2Fv2%2Fmedia&parent=3884"}],"curies":[{"name":"wp","href":"https:\/\/api.w.org\/{rel}","templated":true}]}}