{"id":3854,"date":"2016-07-26T12:19:23","date_gmt":"2016-07-26T09:19:23","guid":{"rendered":"http:\/\/esuaxue.havike.eenet.ee\/veeb\/?page_id=3854"},"modified":"2016-08-08T11:25:13","modified_gmt":"2016-08-08T08:25:13","slug":"2005-haaletusnimekiri","status":"publish","type":"page","link":"http:\/\/ulme.ee\/veeb\/?page_id=3854&lang=et","title":{"rendered":"2005 h\u00e4\u00e4letusnimekiri"},"content":{"rendered":"<div class=\"attribute-short\">\n<p>Sellised on siis <b>Stalker 2005<\/b> l\u00f5plikud h\u00e4\u00e4letusnimekirjad.<\/p>\n<p>Eraldi tahaks t\u00e4nada Indrek Harglat, Tiina Sulge ja Silver S\u00e4ra, kelle abiga sai antud nimekiri tunduvalt t\u00e4ielikum.<\/p>\n<\/div>\n<div class=\"attribute-long\">\n<p>Kuidas h\u00e4\u00e4letada? Igas kategoorias tuleb reastada viis paremat&#8230; kui m\u00f5nes kategoorias viite paremat leida ei suudeta, siis v\u00f5ib muidugi ka v\u00e4hemates kategooriates h\u00e4\u00e4letada ja saata vaid nende kategooriate nimekirjad, kus viis paremat reastada suudeti. Pole m\u00f5tet saata nimekirja, kus on kirjas: \u00abEi suutnud viite paremat leida, saatsin neli&#8230;\u00bb Selline nimekiri ei l\u00e4he lihtsalt arvesse! Kui h\u00e4\u00e4letaja pole kategooriasisest paremusj\u00e4rjestust teinud, siis l\u00e4heb \u00abheas usus\u00bb arvesse see j\u00e4rjestus, mis ta nimekirjas on. H\u00e4\u00e4letusnimekirjad tuleb saata meiliaadressile: <a href=\"mailto:stalkerikysitlus@gmail.com\" target=\"_self\">stalkerikysitlus@gmail.com<\/a> v\u00f5i kasuta <a href=\"http:\/\/uus.ulme.ee\/ulmeuehing\/stalker\/2005\/saada_oma_haeaeled\" target=\"_self\">online mailivormi<\/a>.<\/p>\n<p>Arvesse l\u00e4hevad kuni 20. juulini (kaasa arvatud) 2005 teele saadetud paremusj\u00e4rjestused.<\/p>\n<p>J\u00fcri Kallas<\/p>\n<p><a id=\"eztoc12454_0_1\" name=\"eztoc12454_0_1\"><\/a><\/p>\n<h3><a name=\"xh-ZA\"><\/a>Parim romaan:<\/h3>\n<ol>\n<li>Douglas <b>Adams<\/b> \u00abEnamasti ohutu\u00bb ( <i>Olion<\/i>)<\/li>\n<li>Isabel <b>Allende<\/b> \u00abArmastusest ja varjust\u00bb ( <i>Eesti Raamat<\/i>)<\/li>\n<li>Isaac <b>Asimov<\/b> \u00abEnne Asumit\u00bb ( <i>Eesti Raamat<\/i>)<\/li>\n<li>Robert <b>Asprin<\/b> \u00abEdu v\u00f5i m\u00fc\u00fct\u00bb ( <i>Robert Asprin \u00abM\u00fc\u00fct ja eksitused. Edu v\u00f5i m\u00fc\u00fct\u00bb<\/i>)<\/li>\n<li>Robert <b>Asprin<\/b> \u00abM\u00fc\u00fct ja eksitused\u00bb ( <i>Robert Asprin \u00abM\u00fc\u00fct ja eksitused. Edu v\u00f5i m\u00fc\u00fct\u00bb<\/i>)<\/li>\n<li>Robert <b>Asprin<\/b> \u00abM\u00fc\u00fct ja kadunud kaaslased\u00bb ( <i>Robert Asprin \u00abM\u00fc\u00fct ja kadunud kaaslased. M\u00fc\u00fct ja pisike pandipiiga\u00bb<\/i>)<\/li>\n<li>Robert <b>Asprin<\/b> \u00abM\u00fc\u00fct ja pisike pandipiiga\u00bb ( <i>Robert Asprin \u00abM\u00fc\u00fct ja kadunud kaaslased. M\u00fc\u00fct ja pisike pandipiiga\u00bb<\/i>)<\/li>\n<li>Margaret <b>Atwood<\/b> \u00abOr\u00fcks ja ruik\u00bb ( <i>Varrak<\/i>)<\/li>\n<li>A. J. <b>Butcher<\/b> \u00abSpioonikool: 1. episood. Frankensteini vabrik\u00bb ( <i>Varrak<\/i>)<\/li>\n<li>Matthew <b>Costello<\/b> \u00abTundmatu\u00bb ( <i>Ersen<\/i>)<\/li>\n<li>Alexandre <b>Dumas<\/b> \u00abHuntide pealik\u00bb ( <i>Kirjastuskeskus<\/i>)<\/li>\n<li>H. Rider <b>Haggard<\/b> \u00abAllan Quatermaini kummaline lugu koletisjumalast\u00bb ( <i>Fantaasia<\/i>)<\/li>\n<li>Lian <b>Hearn<\/b> \u00ab\u00dcle \u00f6\u00f6bikup\u00f5randa\u00bb ( <i>Varrak<\/i>)<\/li>\n<li>Frank <b>Herbert<\/b> \u00abD\u00fc\u00fcni lapsed\u00bb ( <i>Varrak<\/i>)<\/li>\n<li>William Hope <b>Hodgson<\/b> \u00abViirastuspiraadid\u00bb ( <i>Fantaasia<\/i>)<\/li>\n<li>Brian <b>Jacques<\/b> \u00abVahva hiir Matthias\u00bb ( <i>Tiritamm<\/i>)<\/li>\n<li>Robert <b>Jordan<\/b> \u00abMaailma Silm\u00bb ( <i>Tiritamm<\/i>)<\/li>\n<li>James <b>Kr\u00fcss<\/b> \u00abTimm Thaleri nukuteater\u00bb ( <i>T\u00e4nap\u00e4ev<\/i>)<\/li>\n<li>Nagib <b>Mahfuz<\/b> \u00abTuhande \u00f6\u00f6 \u00f6\u00f6d\u00bb ( <i>Varrak<\/i>)<\/li>\n<li>Walter J. <b>Miller<\/b> \u00abKantileen Leibowitzile\u00bb ( <i>Varrak<\/i>)<\/li>\n<li>Kati <b>Murutar<\/b> \u00abPuugid kuubis\u00bb ( <i>Vastus<\/i>)<\/li>\n<li>H. P. <b>Lovecraft<\/b> \u00abCharles Dexter Wardi juhtum\u00bb ( <i>Fantaasia<\/i>)<\/li>\n<li>Pierre <b>Pelot<\/b> \u00abBroceliande\u00bb ( <i>Olion<\/i>)<\/li>\n<li>Terry <b>Pratchett<\/b> \u00abHinge muusika\u00bb ( <i>Varrak<\/i>)<\/li>\n<li>Terry <b>Pratchett<\/b> \u00abHuvitav aeg\u00bb ( <i>Varrak<\/i>)<\/li>\n<li>Philip <b>Pullman<\/b> \u00abTema tumedad ained. Teine raamat: Inglite torn\u00bb ( <i>Tiritamm<\/i>)<\/li>\n<li>Rein <b>P\u00f5der<\/b> \u00abTeadmatus\u00bb ( <i>Rein P\u00f5der \u00abTeadmatus\u00bb (Eesti Raamat)<\/i>)<\/li>\n<li>Christoph <b>Ransmayr<\/b> \u00abJ\u00e4\u00e4 ja pimeduse \u00f5ud\u00bb ( <i>Eesti Raamat<\/i>)<\/li>\n<li>J. D. <b>Robb<\/b> \u00abHukatuslik ekstaas\u00bb ( <i>Ersen<\/i>)<\/li>\n<li>J. D. <b>Robb<\/b> \u00abHukatuslik k\u00e4ttemaks\u00bb ( <i>Ersen<\/i>)<\/li>\n<li>J. D. <b>Robb<\/b> \u00abHukatuslik n\u00f5idus\u00bb ( <i>Ersen<\/i>)<\/li>\n<li>Alice <b>Sebold<\/b> \u00abMinu armsad luud\u00bb ( <i>Pegasus<\/i>)<\/li>\n<li>Tiit <b>Sepa<\/b> \u00abVana Henri lood, ehk Pikk-pikk j\u00f5uluvaheaeg\u00bb ( <i>Ersen<\/i>)<\/li>\n<li>Clifford D. <b>Simak<\/b> \u00abVahejaam\u00bb ( <i>T\u00e4nap\u00e4ev<\/i>)<\/li>\n<li>Bram <b>Stoker<\/b> \u00abValge Mao koobas\u00bb ( <i>Fantaasia<\/i>)<\/li>\n<li>Jules <b>Verne<\/b> \u00abRobur vallutaja\u00bb ( <i>Kuldsulg<\/i>)<\/li>\n<li>Siim <b>Veskimees<\/b> \u00abPilvelinnuste ajastu langus\u00bb ( <i>Fantaasia<\/i>)<\/li>\n<\/ol>\n<p><a id=\"eztoc12454_0_2\" name=\"eztoc12454_0_2\"><\/a><\/p>\n<h3><a name=\"xh-ZA\"><\/a>Parim antoloogia v\u00f5i kogumik:<\/h3>\n<ol>\n<li>Brian <b>Aldiss<\/b> \u00abKontramorfoos\u00bb ( <i>Skarabeus<\/i>)<\/li>\n<li>Robert <b>Asprin<\/b> \u00abM\u00fc\u00fct ja eksitused. Edu v\u00f5i m\u00fc\u00fct\u00bb ( <i>Festart<\/i>)<\/li>\n<li>Robert <b>Asprin<\/b> \u00abM\u00fc\u00fct ja kadunud kaaslased. M\u00fc\u00fct ja pisike pandipiiga\u00bb ( <i>Festart<\/i>)<\/li>\n<li>Lew R. <b>Berg<\/b> \u00abReekviem \u00abGalateiale\u00bb\u00bb ( <i>Fantaasia<\/i>)<\/li>\n<li>Molly <b>Brown<\/b> \u00abValel ajal\u00bb ( <i>Salas\u00f5na<\/i>)<\/li>\n<li>Mario <b>Kivistik<\/b> ( <i>koost.<\/i>) \u00abLend v\u00f5imatusse\u00bb ( <i>Salas\u00f5na<\/i>)<\/li>\n<li>Raul <b>Sulbi<\/b> ( <i>koost.<\/i>) \u00abFantastika\u00bb ( <i>Varrak<\/i>)<\/li>\n<li>Raul <b>Sulbi<\/b> ( <i>koost.<\/i>) \u00abS\u00fcnged varjud 2: Saatana teener\u00bb ( <i>Fantaasia<\/i>)<\/li>\n<li>Raul <b>Sulbi<\/b> ( <i>koost.<\/i>) \u00abTerra Fantastica\u00bb ( <i>Fantaasia<\/i>)<\/li>\n<\/ol>\n<p><a id=\"eztoc12454_0_3\" name=\"eztoc12454_0_3\"><\/a><\/p>\n<h3><a name=\"xh-ZA\"><\/a>Parim t\u00f5lkejutt:<\/h3>\n<ol>\n<li>Brian <b>Aldiss<\/b> \u00abEluilmaski\u00bb ( <i>Brian Aldiss \u00abKontramorfoos\u00bb<\/i>)<\/li>\n<li>Brian <b>Aldiss<\/b> \u00abHiigeljumala ketserid: Harald II salakroonika\u00bb ( <i>Brian Aldiss \u00abKontramorfoos\u00bb<\/i>)<\/li>\n<li>Brian <b>Aldiss<\/b> \u00abJumal, kes magas naistega\u00bb ( <i>Brian Aldiss \u00abKontramorfoos\u00bb<\/i>)<\/li>\n<li>Brian <b>Aldiss<\/b> \u00abJuudas tantsis\u00bb ( <i>Brian Aldiss \u00abKontramorfoos\u00bb<\/i>)<\/li>\n<li>Brian <b>Aldiss<\/b> \u00abKirjutamata armastuskiri\u00bb ( <i>Brian Aldiss \u00abKontramorfoos\u00bb<\/i>)<\/li>\n<li>Brian <b>Aldiss<\/b> \u00abKontramorfoos\u00bb ( <i>Brian Aldiss \u00abKontramorfoos\u00bb<\/i>)<\/li>\n<li>Brian <b>Aldiss<\/b> \u00abKui Hamleti onu olnuks meeldivam sell\u00bb ( <i>Brian Aldiss \u00abKontramorfoos\u00bb<\/i>)<\/li>\n<li>Brian <b>Aldiss<\/b> \u00abSuperlelu kogu suveks\u00bb ( <i>Brian Aldiss \u00abKontramorfoos\u00bb<\/i>)<\/li>\n<li>Brian <b>Aldiss<\/b> \u00abTotaalne keskkond\u00bb ( <i>Brian Aldiss \u00abKontramorfoos\u00bb<\/i>)<\/li>\n<li>Brian <b>Aldiss<\/b> \u00abVAKM\u00bb ( <i>Brian Aldiss \u00abKontramorfoos\u00bb<\/i>)<\/li>\n<li>Brian <b>Aldiss<\/b> \u00abV\u00e4ljas\u00bb ( <i>Brian Aldiss \u00abKontramorfoos\u00bb<\/i>)<\/li>\n<li>Francis <b>Bacon<\/b> \u00abUus Atlantis\u00bb ( <i>Francis Bacon \u00abUus Atlantis\u00bb (\u00ab\u00abLoomingu\u00bb Raamatukogu\u00bb 2004; nr. 40)<\/i>)<\/li>\n<li>Molly <b>Brown<\/b> \u00abArmunud Ruella\u00bb ( <i>Molly Brown \u00abValel ajal\u00bb<\/i>)<\/li>\n<li>Molly <b>Brown<\/b> \u00abInkubuse valik\u00bb ( <i>Molly Brown \u00abValel ajal\u00bb<\/i>)<\/li>\n<li>Molly <b>Brown<\/b> \u00abKihlumisreeglid\u00bb ( <i>Molly Brown \u00abValel ajal\u00bb<\/i>)<\/li>\n<li>Molly <b>Brown<\/b> \u00abKuidas lennata\u00bb ( <i>Molly Brown \u00abValel ajal\u00bb<\/i>)<\/li>\n<li>Molly <b>Brown<\/b> \u00abMagaja roolis\u00bb ( <i>Molly Brown \u00abValel ajal\u00bb<\/i>)<\/li>\n<li>Molly <b>Brown<\/b> \u00abNaised katakl\u00fcsmi \u00e4\u00e4rel\u00bb ( <i>Molly Brown \u00abValel ajal\u00bb<\/i>)<\/li>\n<li>Molly <b>Brown<\/b> \u00abPimeduse agendid\u00bb ( <i>Molly Brown \u00abValel ajal\u00bb<\/i>)<\/li>\n<li>Molly <b>Brown<\/b> \u00abPrintsessi tagasitulek\u00bb ( <i>Molly Brown \u00abValel ajal\u00bb<\/i>)<\/li>\n<li>Molly <b>Brown<\/b> \u00abTeistmoodi l\u00e4henemine\u00bb ( <i>Molly Brown \u00abValel ajal\u00bb<\/i>)<\/li>\n<li>Jacques <b>Cazotte<\/b> \u00abArmunud kurat\u00bb ( <i>\u00ab\u00abLoomingu\u00bb Raamatukogu\u00bb 2004; nr. 10<\/i>)<\/li>\n<li>Storm <b>Constantine<\/b> \u00abSinine k\u00fc\u00fcnlaleek\u00bb ( <i>\u00abAlgernon\u00bb 2004; mai<\/i>)<\/li>\n<li>Basil <b>Copper<\/b> \u00abUksetagune koputaja\u00bb ( <i>antoloogia \u00abS\u00fcnged varjud 2: Saatana teener\u00bb<\/i>)<\/li>\n<li>Tony <b>DiTerlizzi<\/b> &#8211; Holly <b>Black<\/b> \u00abSpiderwicki kroonika. Teine raamat: V\u00f5lukivi\u00bb ( <i>Festart<\/i>)<\/li>\n<li>Tony <b>DiTerlizzi<\/b> &#8211; Holly <b>Black<\/b> \u00abSpiderwicki kroonika. Kolmas raamat: Lucinda saladus\u00bb ( <i>Festart<\/i>)<\/li>\n<li>Neil <b>Gaiman<\/b> \u00abCoraline\u00bb ( <i>Tiritamm<\/i>)<\/li>\n<li>Terry <b>Lamsley<\/b> \u00abP\u00f5ngerjas\u00bb ( <i>antoloogia \u00abS\u00fcnged varjud 2: Saatana teener\u00bb<\/i>)<\/li>\n<li>J. Sheridan <b>Le Fanu<\/b> \u00abCarmilla\u00bb ( <i>antoloogia \u00abS\u00fcnged varjud 2: Saatana teener\u00bb<\/i>)<\/li>\n<li>Vernon <b>Lee<\/b> \u00abMarsyas Flandrias\u00bb ( <i>antoloogia \u00abLend v\u00f5imatusse\u00bb<\/i>)<\/li>\n<li>Michael <b>Lohr<\/b> \u00abS\u00fcgaval veintumedas meres\u00bb ( <i>\u00abAlgernon\u00bb 2004; mai<\/i>)<\/li>\n<li>Jack <b>London<\/b> \u00abVeretaja\u00bb ( <i>antoloogia \u00abLend v\u00f5imatusse\u00bb<\/i>)<\/li>\n<li>H. P. <b>Lovecraft<\/b> \u00abLuuriv hirm\u00bb ( <i>antoloogia \u00abLend v\u00f5imatusse\u00bb<\/i>)<\/li>\n<li>Gohar <b>Markosjan-K\u00e4sper<\/b> \u00abLinn\u00bb ( <i>\u00abLooming\u00bb 2004; nr. 6 (juuni)<\/i>)<\/li>\n<li>William Somerset <b>Maugham<\/b> \u00abRahusadam\u00bb ( <i>William Somerset Maugham \u00abKaug-Ida jutte\u00bb (Canopus)<\/i>)<\/li>\n<li>Alfred <b>Noyes<\/b> \u00abKesk\u00f6ine ekspress\u00bb ( <i>antoloogia \u00abS\u00fcnged varjud 2: Saatana teener\u00bb<\/i>)<\/li>\n<li>Daniil <b>Popov<\/b> \u00abElukad\u00bb ( <i>\u00abVikerkaar\u00bb 2004; nr. 3<\/i>)<\/li>\n<li>Darrell <b>Schweitzer<\/b> \u00abSaatana teener\u00bb ( <i>antoloogia \u00abS\u00fcnged varjud 2: Saatana teener\u00bb<\/i>)<\/li>\n<li>R. L. <b>Stine<\/b> \u00abGoosebumps: Tere tulemast surma majja\u00bb ( <i>Rikurex\/Meedia<\/i>)<\/li>\n<li>David <b>Sutton<\/b> \u00abLa Serenissima\u00bb ( <i>antoloogia \u00abS\u00fcnged varjud 2: Saatana teener\u00bb<\/i>)<\/li>\n<\/ol>\n<p><a id=\"eztoc12454_0_4\" name=\"eztoc12454_0_4\"><\/a><\/p>\n<h3><a name=\"xh-ZA\"><\/a>Parim algup\u00e4rane l\u00fchiromaan v\u00f5i jutustus:<\/h3>\n<ol>\n<li>Lew R. <b>Berg<\/b> \u00abDemilitariseeritud tsoon\u00bb ( <i>Lew R. Berg \u00abReekviem \u00abGalateiale\u00bb\u00bb<\/i>)<\/li>\n<li>Lew R. <b>Berg<\/b> \u00abPetukaup\u00bb ( <i>Lew R. Berg \u00abReekviem \u00abGalateiale\u00bb\u00bb<\/i>)<\/li>\n<li>Meelis <b>Friedenthal<\/b> \u00abNerissa\u00bb ( <i>antoloogia \u00abTerra Fantastica\u00bb<\/i>)<\/li>\n<li>Jaan <b>Kaplinski<\/b> \u00abOrnitofilosoofia: Ronk Nestori m\u00e4rkmeid\u00bb ( <i>\u00abLooming\u00bb 2004; nr. 4 (aprill) &#8211; nr. 5 (mai)<\/i>)<\/li>\n<li>M\u00e4rt <b>Laur<\/b> \u00abPagulased\u00bb ( <i>\u00abAlgernon\u00bb 2004; detsember<\/i>)<\/li>\n<li>Kristjan <b>Oad<\/b> \u00abLatgalijaht\u00bb ( <i>antoloogia \u00abTerra Fantastica\u00bb<\/i>)<\/li>\n<li>Kaimar <b>Palts<\/b> \u00abEluaegne\u00bb ( <i>\u00abAlgernon\u00bb 2004; november<\/i>)<\/li>\n<li>Milvi Martina <b>Piir<\/b> \u00abJuliuse teekond\u00bb ( <i>antoloogia \u00abTerra Fantastica\u00bb<\/i>)<\/li>\n<li>Berk <b>Vaher<\/b> \u00abBa:rok\u00bb ( <i>Berk Vaher \u00abSekeldaja p\u00e4evad\u00bb (Tuum)<\/i>)<\/li>\n<li>Ed <b>Vecin<\/b> \u00abVarjatud Linn\u00bb ( <i>\u00abAlgernon\u00bb 2004; detsember<\/i>)<\/li>\n<li>Siim <b>Veskimees<\/b> \u00abMerevaiguvalgus\u00bb ( <i>antoloogia \u00abTerra Fantastica\u00bb<\/i>)<\/li>\n<li>Siim <b>Veskimees<\/b> \u00abTormide Rand\u00bb ( <i>antoloogia \u00abLend v\u00f5imatusse\u00bb<\/i>)<\/li>\n<\/ol>\n<p><a id=\"eztoc12454_0_5\" name=\"eztoc12454_0_5\"><\/a><\/p>\n<h3><a name=\"xh-ZA\"><\/a>Parim algup\u00e4rane l\u00fchijutt:<\/h3>\n<ol>\n<li>Jaanus <b>Aua<\/b> \u00abEidose puudutus\u00bb ( <i>\u00abAlgernon\u00bb 2004; mai<\/i>)<\/li>\n<li>Jaanus <b>Aua<\/b> \u00abOhvrim\u00e4gi\u00bb ( <i>\u00abAlgernon\u00bb 2004; mai<\/i>)<\/li>\n<li>Matt <b>Barker<\/b> \u00abN\u00f5drameelene\u00bb ( <i>\u00abVikerkaar\u00bb 2004; nr. 1\/2<\/i>)<\/li>\n<li>Lew R. <b>Berg<\/b> \u00abReekviem \u00abGalateiale\u00bb\u00bb ( <i>Lew R. Berg \u00abReekviem \u00abGalateiale\u00bb\u00bb<\/i>)<\/li>\n<li>August <b>Chang<\/b> \u00abPoolik \u00f5htu h\u00e4rra Kerberosega\u00bb ( <i>\u00abAlgernon\u00bb 2004; veebruar<\/i>)<\/li>\n<li>Freyja <b>Ek<\/b> \u00abSeitsmes p\u00e4ev\u00bb ( <i>antoloogia \u00abTerra Fantastica\u00bb<\/i>)<\/li>\n<li><b>Elaan<\/b> \u00abUniversumi v\u00e4ravad\u00bb ( <i>\u00abAlgernon\u00bb 2004; m\u00e4rts<\/i>)<\/li>\n<li>Indrek <b>Hargla<\/b> \u00abTagasi s\u00fc\u00fctusesse\u00bb ( <i>antoloogia \u00abLend v\u00f5imatusse\u00bb<\/i>)<\/li>\n<li>Indrek <b>Hargla<\/b> \u00abViljakoll\u00bb ( <i>\u00abSirp\u00bb 2004; nr. 34 (17. september)<\/i>)<\/li>\n<li>Mehis <b>Heinsaar<\/b> \u00abK\u00f5hkleja Bernard\u00bb ( <i>\u00abVikerkaar\u00bb 2004; nr. 12<\/i>)<\/li>\n<li>Tim <b>Hornet<\/b> \u00abLubadus\u00bb ( <i>\u00abAlgernon\u00bb 2004; november<\/i>)<\/li>\n<li>Henri <b>Hundu<\/b> \u00abHomo numerus\u00bb ( <i>\u00abAlgernon\u00bb 2004; juuli<\/i>)<\/li>\n<li>Jaan <b>Kaplinski<\/b> \u00abLoojak Hiiumaa rannal\u00bb ( <i>\u00abLooming\u00bb 2004; nr. 10 (oktoober)<\/i>)<\/li>\n<li>Jan <b>Kaus<\/b> \u00abStjuuard K.\u00bb ( <i>\u00abVikerkaar\u00bb 2004; nr. 10\/11<\/i>)<\/li>\n<li>Andrus <b>Kivir\u00e4hk<\/b> \u00abPaljad\u00bb ( <i>\u00abLooming\u00bb 2004; nr. 10 (oktoober)<\/i>)<\/li>\n<li>Andrus <b>Kivir\u00e4hk<\/b> \u00abP\u00f5rgu v\u00e4ravas\u00bb ( <i>\u00abLooming\u00bb 2004; nr. 10 (oktoober)<\/i>)<\/li>\n<li>Jaan <b>Kross<\/b> \u00abIsand J\u00e4rve k\u00e4sikiri\u00bb ( <i>\u00abLooming\u00bb 2004; nr. 11 (november)<\/i>)<\/li>\n<li>Erkki <b>K\u00f5lu<\/b> \u00abVangide vahetus\u00bb ( <i>\u00abAlgernon\u00bb 2004; veebruar<\/i>)<\/li>\n<li>Moonika <b>Lembinen<\/b> \u00abN\u00e4kip\u00fc\u00fcdja\u00bb ( <i>antoloogia \u00abTerra Fantastica\u00bb<\/i>)<\/li>\n<li>\u00dcrgo <b>Lev<\/b> \u00abAja lapsed\u00bb ( <i>\u00abAlgernon\u00bb 2004; oktoober<\/i>)<\/li>\n<li>Martina <b>Niin<\/b> \u00abApatriid\u00bb ( <i>antoloogia \u00abTerra Fantastica\u00bb<\/i>)<\/li>\n<li>Urmas <b>Nimetu<\/b> \u00abL\u00e4mb\u00bb ( <i>\u00abAlgernon\u00bb 2004; juuli<\/i>)<\/li>\n<li>Helga <b>N\u00f5u<\/b> \u00abR\u00e4ndrahn\u00bb ( <i>\u00abLooming\u00bb 2004; nr. 9 (september)<\/i>)<\/li>\n<li>Martin <b>Oja<\/b> \u00abRosheni v\u00e4rdjas\u00bb ( <i>\u00abAlgernon\u00bb 2004; juuli<\/i>)<\/li>\n<li>Kaimar <b>Palts<\/b> \u00abElgeri teistmoodi linn\u00bb ( <i>\u00abAlgernon\u00bb 2004; veebruar<\/i>)<\/li>\n<li>Kaimar <b>Palts<\/b> \u00abM\u00e4ngides maailmaga\u00bb ( <i>\u00abAlgernon\u00bb 2004; august<\/i>)<\/li>\n<li>Tuulepuu <b>Pilvik<\/b> \u00abTulevikuvisioonid_1. Mees ja naine\u00bb ( <i>antoloogia \u00abTerra Fantastica\u00bb<\/i>)<\/li>\n<li>Maarja <b>P\u00e4rtna<\/b> &#8211; Kadri <b>Normak<\/b> &#8211; Tanel <b>Kislov<\/b> \u00abJeebuse p\u00fcha liibil\u00bb ( <i>\u00abAlgernon\u00bb 2004; juuli<\/i>)<\/li>\n<li>Indrek <b>Salumets<\/b> \u00abKui saatus tahab\u00bb ( <i>antoloogia \u00abTerra Fantastica\u00bb<\/i>)<\/li>\n<li>Kristjan <b>Sander<\/b> \u00abPunksi metamorfoos\u00bb ( <i>\u00abAlgernon\u00bb 2004; august<\/i>)<\/li>\n<li>Marek <b>Simpson<\/b> \u00abAbaddoni viimane v\u00f5itlus\u00bb ( <i>antoloogia \u00abLend v\u00f5imatusse\u00bb<\/i>)<\/li>\n<li>Ell\u00e4i <b>Tuulep\u00e4\u00e4lse<\/b> \u00abApelsinikollane\u00bb ( <i>antoloogia \u00abTerra Fantastica\u00bb<\/i>)<\/li>\n<li>Juhan <b>Voolaid<\/b> \u00abWulf\u00bb ( <i>\u00abAlgernon\u00bb 2004; detsember<\/i>)<\/li>\n<\/ol>\n<\/div>\n","protected":false},"excerpt":{"rendered":"<p>Sellised on siis Stalker 2005 l\u00f5plikud h\u00e4\u00e4letusnimekirjad. Eraldi tahaks t\u00e4nada Indrek Harglat, Tiina Sulge ja Silver S\u00e4ra, kelle abiga sai antud nimekiri tunduvalt t\u00e4ielikum. Kuidas h\u00e4\u00e4letada? Igas kategoorias tuleb reastada viis paremat&#8230; kui m\u00f5nes kategoorias viite paremat leida ei suudeta, &hellip; <a href=\"http:\/\/ulme.ee\/veeb\/?page_id=3854&#038;lang=et\">J\u00e4tka lugemist <span class=\"meta-nav\">&rarr;<\/span><\/a><\/p>\n","protected":false},"author":1,"featured_media":0,"parent":0,"menu_order":0,"comment_status":"closed","ping_status":"closed","template":"","meta":{"footnotes":""},"_links":{"self":[{"href":"http:\/\/ulme.ee\/veeb\/index.php?rest_route=\/wp\/v2\/pages\/3854"}],"collection":[{"href":"http:\/\/ulme.ee\/veeb\/index.php?rest_route=\/wp\/v2\/pages"}],"about":[{"href":"http:\/\/ulme.ee\/veeb\/index.php?rest_route=\/wp\/v2\/types\/page"}],"author":[{"embeddable":true,"href":"http:\/\/ulme.ee\/veeb\/index.php?rest_route=\/wp\/v2\/users\/1"}],"replies":[{"embeddable":true,"href":"http:\/\/ulme.ee\/veeb\/index.php?rest_route=%2Fwp%2Fv2%2Fcomments&post=3854"}],"version-history":[{"count":2,"href":"http:\/\/ulme.ee\/veeb\/index.php?rest_route=\/wp\/v2\/pages\/3854\/revisions"}],"predecessor-version":[{"id":7644,"href":"http:\/\/ulme.ee\/veeb\/index.php?rest_route=\/wp\/v2\/pages\/3854\/revisions\/7644"}],"wp:attachment":[{"href":"http:\/\/ulme.ee\/veeb\/index.php?rest_route=%2Fwp%2Fv2%2Fmedia&parent=3854"}],"curies":[{"name":"wp","href":"https:\/\/api.w.org\/{rel}","templated":true}]}}