{"id":1750,"date":"2016-03-10T11:59:13","date_gmt":"2016-03-10T09:59:13","guid":{"rendered":"http:\/\/esuaxue.havike.eenet.ee\/veeb\/?page_id=1750"},"modified":"2016-08-19T22:18:54","modified_gmt":"2016-08-19T19:18:54","slug":"estcon-2012","status":"publish","type":"page","link":"http:\/\/ulme.ee\/veeb\/?page_id=1750&lang=et","title":{"rendered":"Estcon 2012"},"content":{"rendered":"<div class=\"attribute-short\">\n<p><b>Estcon 2012 toimus 13.\u201315. juulil,<\/b> P\u00f5lvamaal Saarj\u00e4rve puhkekompleksis. Estcon on Eesti Ulme\u00fchingu korraldatav iga-aastane suur suvine kirjandus\u00fcritus, mille raames kuulutatakse v\u00e4lja ka ulmeauhinna Stalkeri v\u00f5itjad.<\/p>\n<p>FB s\u00fcndmus: <a href=\"https:\/\/www.facebook.com\/events\/238411956275419\/\" target=\"_blank\">https:\/\/www.facebook.com\/events\/238411956275419\/<\/a><br \/>\nFB grupp: <a href=\"https:\/\/www.facebook.com\/groups\/117178714986167\/\" target=\"_blank\">https:\/\/www.facebook.com\/groups\/117178714986167\/<\/a><br \/>\n<i><br \/>\nEstcon 2012 s\u00f5nas<\/i>: <a href=\"http:\/\/kamablogi.blogspot.com\/2012\/07\/estcon-2012.html\" target=\"_blank\">Riho V\u00e4lk<\/a>, <a href=\"http:\/\/dreamscene.blogspot.com\/2012\/07\/estcon-2012.html\" target=\"_blank\">Mart Redi<\/a>, Reaktor <a href=\"http:\/\/ulmeajakiri.ee\/?viieteistkummnes-estcon\">7\/2012<\/a> (\u00fcld\u00fclevaade) ja <a href=\"http:\/\/ulmeajakiri.ee\/?082012\" target=\"_blank\">8\/2012<\/a>\u00a0(mitmed Estconi ettekanded)<\/p>\n<p>~ * ~<\/p>\n<\/div>\n<div class=\"attribute-long\">\n<p>Estcon 2012 toimus 13.-15. Juulil P\u00f5lvamaal, Saarj\u00e4rve puhkekompleksis. Kaalusime k\u00fcll ka teisi kohti, kuid need olid kas juba kinni pandud v\u00f5i oluliselt kallimad, kokkuv\u00f5ttes j\u00e4ime taas Saarj\u00e4rvega rahule. Ilm oleks ju v\u00f5inud veidi parem olla, aga hoopis rohkem tuli puudu ajast, et juttu ajada veel ja veel.<\/p>\n<p>Laias laastus l\u00e4kski k\u00f5ik nii, nagu <a href=\"http:\/\/esuaxue.havike.eenet.ee\/veeb\/?page_id=7695&amp;lang=et\">kava<\/a> ja <a href=\"http:\/\/esuaxue.havike.eenet.ee\/veeb\/?page_id=7697&amp;lang=et\">lisaprogramm<\/a> ette n\u00e4gid \u2013 k\u00fcll m\u00f5ne koha peal v\u00e4ikese viivitusega, k\u00fcll m\u00f5ne koha peal \u00fcle aja minnes. \u00c4ra j\u00e4i kaks ettekannet: H\u00d5FFi tutvustus esineja terviseprobleemide t\u00f5ttu ning viimane ettekanne puhtast ajapuudusest, sest kell oli juba kolm ja k\u00f5ik kibelesid pigem kodu poole minema (lisame need j\u00e4rgmise aasta kavasse).<\/p>\n<p>Reede \u00f5htul vaatasime koos Raul Tammetiga tema filmidest peale \u201eSoolo\u201c (ainus film, millele Gunnar Graps on muusika teinud &#8211; ja kus ta ka n\u00e4itlejana \u00fcles astub) ja \u201ePulmapildi\u201c ka l\u00fchifilmi \u201eKiri Giuliale\u201c. Seej\u00e4rel sai muidugi autorit pinnitud, et miks rohkem ei ole? V\u00e4ga paljulubavad ju! Meeldiv kohtumine autoriga, unustatud klassikuga.<\/p>\n<p>Reede \u00f5htu j\u00e4tkus edukalt pea varahommikuni lisaprogrammi ning maja-ees-jutuajamisega. Laup\u00e4eva p\u00f5hiprogramm kaotas seet\u00f5ttu m\u00f5ned kuulajad unele, aga pakkus palju huvitavat \u00e4rksatele.<\/p>\n<p>Juubeli\u00fcrituse puhul (15. Estcon!) r\u00e4\u00e4giti palju asjade algusest \u2013 miks \u00fcldse loodi MT\u00dc Eesti Ulme\u00fching, mis plaanid sellega olid, kuidas rahvas konsolideerus ning kui napilt esimesed Estconid toimusid. K\u00f5igi nende aastate jooksul on iga kord kohal olnud viis inimest: Veiko Belials, Kaarel J\u00f5gi, J\u00fcri Kallas, Erik Bartske ja Olari Meriniit.<\/p>\n<p>Andri Riid r\u00e4\u00e4kis, kuidas samal ajal sai alguse <a href=\"http:\/\/baas.ulme.ee\/\" target=\"_self\">Ulmekirjanduse BAAS<\/a> ning j\u00e4i kindlale seisukohale, et Baasil l\u00e4heb normaalselt ning kuhugi ta ei kao. Kui probleemi \u00fcldse on, siis sellega, et noori arvustajaid ei tule juurde. Lisaks n\u00e4itas Andri mitmesugust statistikat, millele kasutaja ise ligi ei p\u00e4\u00e4se, aga mida on lootust (taaskord) Reaktorist piiluda.<\/p>\n<p>Vanadelt ja kauakestnud asjadelt l\u00e4kski sellega jutt \u00fcle noortele ja aktiivsetele \u2013 ajakirja <a href=\"http:\/\/www.ulmeajakiri.ee\/\" target=\"_self\">Reaktor<\/a> toimetus r\u00e4\u00e4kis oma v\u00e4hem kui aastasest ajaloost ja t\u00f6\u00f6korraldusest, veidi ka lootustest ja plaanidest. Seej\u00e4rel v\u00f5ttis s\u00f5na <a href=\"http:\/\/jutulabor.blogspot.com\/\" target=\"_self\">Ulmejutulabor<\/a>, mis on vaid veidi vanem kui Reaktor ja t\u00e4histab s\u00fcnnip\u00e4eva 26. augustiga 2011 ning r\u00e4\u00e4kis oma alguse saamisest eelmisel Estconil ning mis sestsaadik toimunud on \u2013 nii tehnilises m\u00f5ttes kui autorite arengu osas. Ettekannet saab lugeda <a href=\"http:\/\/jutulabor.blogspot.com\/2012\/07\/ulevaade-ulmejutulaborist.html\" target=\"_blank\">siit.<\/a><\/p>\n<p>Seej\u00e4rel mindi kohe praktiliseks \u2013 k\u00f6\u00f6gis hakati l\u00fchijutte kirjutama ja \u00f5ues l\u00f5unat s\u00f6\u00f6ma, k\u00f6\u00f6gis n\u00f5uti t\u00e4ielikku vaikust ja rahu kirjarahvale.<\/p>\n<p>L\u00f5una j\u00e4rel pidas Arvi Nikkarev v\u00e4ga toreda ja p\u00f5hjaliku <a href=\"http:\/\/ulmeajakiri.ee\/?soome-kaasaegsest-ulmest\" target=\"_self\">\u00fclevaate Soome ulmest<\/a> (annab ikka tunda, et neid on viis korda rohkem kui meid!).<\/p>\n<p>Ka Stalkeril oli v\u00e4ike juubel (15) ning nii meenutati sellegi algusaegu ning r\u00e4\u00e4gi h\u00e4\u00e4letajatest ja h\u00e4\u00e4letamisest l\u00e4bi aegade. S\u00fcgisel on plaanis teha \u00fcks juubeli\u00fcritus, kus k\u00e4tte jagatakse ka v\u00f5itjatel k\u00e4tte saamata j\u00e4\u00e4nud auhinnad.\u00a0H\u00e4\u00e4letusest osav\u00f5tnute vahel loositi v\u00e4lja auhinnad.<\/p>\n<p>1. Enne 1. juulit h\u00e4\u00e4letanute vahel Eesti Ulme\u00fchingu poolt tasuta osalemise Estcon 2012 v\u00f5i Estcon 2013 &#8211; Marko Nugin<br \/>\n2. kirjastus Fantaasia poolt kaks raamatut omal valikul &#8211; Tiina Tarik, Oliver Nasser<br \/>\n3. kirjastus <a href=\"http:\/\/www.varrak.ee\/\" target=\"_self\">Varrak <\/a>poolt Suzanna McLeod &#8220;Vere magus l\u00f5hn&#8221; (kirjastus Varrak) &#8211; Rauno P\u00e4rnits<br \/>\n4. kirjastus <a href=\"http:\/\/www.varrak.ee\/\" target=\"_self\">Varrak <\/a>poolt Catherine Banner &#8220;Kuninga silmad&#8221; ja &#8220;Pimeduse h\u00e4\u00e4led&#8221; &#8211; Jaile J\u00fcrgens<br \/>\n5. kirjastus <a href=\"http:\/\/www.tiritamm.ee\/\" target=\"_self\">Tiritamm<\/a> poolt Erin Hunter &#8220;S\u00f5dalased. Metsikuse ellu&#8221; &#8211; Aavo Soo<br \/>\n6. kirjastus <a href=\"http:\/\/www.tiritamm.ee\/\" target=\"_self\">Tiritamm<\/a> poolt Pihilip Reeve &#8220;Kuldseeklid&#8221; &#8211; Indrek Hargla<\/p>\n<p>Stalker 2012 h\u00e4\u00e4letajad said ka \u00e4ra m\u00e4rkida, milline oli tema jaoks kandideerinud raamatuist kauneim.<br \/>\nKaks korda mainiti:<br \/>\nPierre P\u00e9vel \u00abKardinali M\u00f5\u00f5gad\u00bb (Varrak)<br \/>\nManiakkide T\u00e4nav \u00abEuromant\u00bb (Fantaasia)<\/p>\n<p>Peaaegu kaks korda mainiti:<br \/>\nGeorge R. R. Martin \u00abM\u00f5\u00f5kade maru\u00bb (Varrak)<br \/>\nGeorge R. R. Martin \u00abM\u00f5\u00f5kade maru: 2. osa. Veri ja kuld\u00bb (Varrak)<br \/>\nja<br \/>\nRaul Sulbi (koost) \u00abT\u00e4heaeg 9: Joosta oma varju eest\u00bb (Fantaasia)<br \/>\nRaul Sulbi (koost) T\u00e4heaja kogumikud (Fantaasia)<\/p>\n<p>\u00dcks kord mainiti:<br \/>\nEgert Anslan \u00abPaskn\u00e4\u00e4ride vanden\u00f5u\u00bb (T\u00e4nap\u00e4ev)<br \/>\nIndrek Hargla \u00abSuudlevad vampiirid\u00bb (Fantaasia)<br \/>\nGuy Gavriel Kay \u00abTigana\u00bb (Varrak)<br \/>\nDaniel Keyes \u00abLilled Algernonile\u00bb (Ersen)<br \/>\nWalter Moers \u00abKapten Sinikaru 13 ja \u00bd elu\u00bb (Pegasus)<br \/>\nAlbert S\u00e1nchez Pi\u00f1ol \u00abPandora Kongos\u00bb (Pegasus)<br \/>\nSiim Veskimees \u00abEnnes\u00f5jaaegne kullakarva: Kuu Ordu 2061. aasta s\u00f5ja esimene raamat\u00bb (Fantaasia)<\/p>\n<p>Peale v\u00e4ikest l\u00f5busat vahepala \u00fchispildi tegemisel mindi sujuvalt edasi jutuga sellest, mida kirjastused l\u00e4hiajal v\u00e4lja and plaanivad ning milliseid ulmeseriaale on eetris oodata.<\/p>\n<p>\u00d5htupoolikuks jagunes rahvas mitmesse r\u00fchma \u2013 kes pani end proovile Taivo Risti koostatud m\u00e4lum\u00e4nguk\u00fcsimustega (auhinnad parimatele \u2013 kirjastused Skarabeus, Varrak, Fantaasia), kes v\u00f5ttis osa <a href=\"http:\/\/zaavu.blogspot.com\/2012\/07\/hing-paelaga-kaelas.html\" target=\"_self\">LARPist<\/a> Maardla, kes v\u00f5ttis osa rollim\u00e4ngust, kes hakkas juba vabakavale keskenduma, kuna juba oli teada, et H\u00d5FFi ettekanne j\u00e4\u00e4b \u00e4ra. Telgis maganud j\u00e4id ilma hommikuni maja ees peetud vestlusringidest \u2013 k\u00f5ige vaiksem hetk oli kella 9 ja 10 vahel hommikul, kui viimased lobamokad olid juba kustunud ja s\u00f6\u00f6jad alles \u00e4rkasid.<\/p>\n<p>P\u00fchap\u00e4evane l\u00fchijutu t\u00f6\u00f6tuba v\u00f5ttis t\u00e4nu tagasisideringile, kus iga\u00fcks teise juttu kommenteeris, aega palju rohkem kui plaanitud (ja j\u00e4llegi n\u00f5uti k\u00f6\u00f6gis kirjutajatele t\u00e4ielikku rahu ja vaikust). Kirjutajad ise j\u00e4id tulemusega rahule ja j\u00e4rgmiseks aastaks teame neile rohkem aega planeerida.<\/p>\n<p>Indrek Hargla r\u00e4\u00e4kis poolelioleva artikli jaoks kogutud materjalide p\u00f5hjal ulmeseriaalidest, mis polegi ulme ja tekitas sellega elava keskustelu \u2013 jah, just nii see ongi, nime poolest nagu ulmeseriaal, aga kui l\u00e4hemalt vaadata\u2026.<\/p>\n<p>Siis oli kell juba kolm ja \u00fchel n\u00f5ul mindi laiali, et j\u00e4rgmisel aastal j\u00e4tkata.<\/p>\n<p>~ * ~<\/p>\n<p>Estconi m\u00f5nusa kava kokkupaneku eest tuleb t\u00e4nada eelk\u00f5ige Veiko Belialsi ning muu sujuva korralduse eest Kersti Taurust ja veel paljusid, kes ringi sebisid ja asju ajasid ja tublid olid. Ait\u00e4h! T\u00e4name ka auhindadega toetanud kirjastusi Fantaasia, Skarabeus, Tiritamm ja Varrak.<\/p>\n<\/div>\n","protected":false},"excerpt":{"rendered":"<p>Estcon 2012 toimus 13.\u201315. juulil, P\u00f5lvamaal Saarj\u00e4rve puhkekompleksis. Estcon on Eesti Ulme\u00fchingu korraldatav iga-aastane suur suvine kirjandus\u00fcritus, mille raames kuulutatakse v\u00e4lja ka ulmeauhinna Stalkeri v\u00f5itjad. FB s\u00fcndmus: https:\/\/www.facebook.com\/events\/238411956275419\/ FB grupp: https:\/\/www.facebook.com\/groups\/117178714986167\/ Estcon 2012 s\u00f5nas: Riho V\u00e4lk, Mart Redi, Reaktor 7\/2012 &hellip; <a href=\"http:\/\/ulme.ee\/veeb\/?page_id=1750&#038;lang=et\">J\u00e4tka lugemist <span class=\"meta-nav\">&rarr;<\/span><\/a><\/p>\n","protected":false},"author":1,"featured_media":0,"parent":24,"menu_order":0,"comment_status":"closed","ping_status":"closed","template":"","meta":{"footnotes":""},"_links":{"self":[{"href":"http:\/\/ulme.ee\/veeb\/index.php?rest_route=\/wp\/v2\/pages\/1750"}],"collection":[{"href":"http:\/\/ulme.ee\/veeb\/index.php?rest_route=\/wp\/v2\/pages"}],"about":[{"href":"http:\/\/ulme.ee\/veeb\/index.php?rest_route=\/wp\/v2\/types\/page"}],"author":[{"embeddable":true,"href":"http:\/\/ulme.ee\/veeb\/index.php?rest_route=\/wp\/v2\/users\/1"}],"replies":[{"embeddable":true,"href":"http:\/\/ulme.ee\/veeb\/index.php?rest_route=%2Fwp%2Fv2%2Fcomments&post=1750"}],"version-history":[{"count":9,"href":"http:\/\/ulme.ee\/veeb\/index.php?rest_route=\/wp\/v2\/pages\/1750\/revisions"}],"predecessor-version":[{"id":7843,"href":"http:\/\/ulme.ee\/veeb\/index.php?rest_route=\/wp\/v2\/pages\/1750\/revisions\/7843"}],"up":[{"embeddable":true,"href":"http:\/\/ulme.ee\/veeb\/index.php?rest_route=\/wp\/v2\/pages\/24"}],"wp:attachment":[{"href":"http:\/\/ulme.ee\/veeb\/index.php?rest_route=%2Fwp%2Fv2%2Fmedia&parent=1750"}],"curies":[{"name":"wp","href":"https:\/\/api.w.org\/{rel}","templated":true}]}}