{"id":11929,"date":"2026-05-04T12:07:29","date_gmt":"2026-05-04T09:07:29","guid":{"rendered":"http:\/\/ulme.ee\/veeb\/?page_id=11929"},"modified":"2026-05-04T12:12:58","modified_gmt":"2026-05-04T09:12:58","slug":"navigaator-pirx-2026","status":"publish","type":"page","link":"http:\/\/ulme.ee\/veeb\/?page_id=11929&lang=et","title":{"rendered":"Navigaator Pirx 2026"},"content":{"rendered":"\n<p>Eesti Ulme\u00fching ja Haapsalu \u00d5udusfilmide Festival annavad koost\u00f6\u00f6 Poola saatkonnaga alates 2021. aastast v\u00e4lja&nbsp;<a href=\"http:\/\/ulme.ee\/veeb\/?page_id=10391&amp;lang=et\">parima ulmefilmi auhinda Navigaator Pirx<\/a>, et p\u00f6\u00f6rata rohkem t\u00e4helepanu teadusulmele.<\/p>\n\n\n\n<figure class=\"wp-block-image size-large\"><a href=\"http:\/\/ulme.ee\/veeb\/wp-content\/uploads\/2026\/05\/munapeade-vabariik.jpg\"><img loading=\"lazy\" decoding=\"async\" width=\"1024\" height=\"537\" src=\"http:\/\/ulme.ee\/veeb\/wp-content\/uploads\/2026\/05\/munapeade-vabariik-1024x537.jpg\" alt=\"\" class=\"wp-image-11935\" srcset=\"http:\/\/ulme.ee\/veeb\/wp-content\/uploads\/2026\/05\/munapeade-vabariik-1024x537.jpg 1024w, http:\/\/ulme.ee\/veeb\/wp-content\/uploads\/2026\/05\/munapeade-vabariik-300x157.jpg 300w, http:\/\/ulme.ee\/veeb\/wp-content\/uploads\/2026\/05\/munapeade-vabariik-768x403.jpg 768w, http:\/\/ulme.ee\/veeb\/wp-content\/uploads\/2026\/05\/munapeade-vabariik.jpg 1173w\" sizes=\"(max-width: 1024px) 100vw, 1024px\" \/><\/a><\/figure>\n\n\n\n<p>2026. aasta v\u00f5itja oli\u00a0<strong>Hugo Lilja ja Pella K\u00e5german<\/strong>i\u00a0(Rootsi) film<strong>\u00a0\u201cMunapeade Vabariik\u201d (\u201cEgghead Republik\u201d)<\/strong>.<\/p>\n\n\n\n<p>Film suutis \u017e\u00fcriid \u00fcllatada, oli h\u00e4sti l\u00e4bi m\u00f5eldud, mitmekihiline ja heas m\u00f5ttes t\u00e4iesti s\u00f5ge.<\/p>\n\n\n\n<p>\u017d\u00fcriisse kuulusid Veiko Belials, J\u00fcri Kallas ja Kalver Tamm.<\/p>\n","protected":false},"excerpt":{"rendered":"<p>Eesti Ulme\u00fching ja Haapsalu \u00d5udusfilmide Festival annavad koost\u00f6\u00f6 Poola saatkonnaga alates 2021. aastast v\u00e4lja&nbsp;parima ulmefilmi auhinda Navigaator Pirx, et p\u00f6\u00f6rata rohkem t\u00e4helepanu teadusulmele. 2026. aasta v\u00f5itja oli\u00a0Hugo Lilja ja Pella K\u00e5germani\u00a0(Rootsi) film\u00a0\u201cMunapeade Vabariik\u201d (\u201cEgghead Republik\u201d). Film suutis \u017e\u00fcriid \u00fcllatada, oli &hellip; <a href=\"http:\/\/ulme.ee\/veeb\/?page_id=11929&#038;lang=et\">J\u00e4tka lugemist <span class=\"meta-nav\">&rarr;<\/span><\/a><\/p>\n","protected":false},"author":2,"featured_media":0,"parent":0,"menu_order":0,"comment_status":"closed","ping_status":"closed","template":"","meta":{"footnotes":""},"_links":{"self":[{"href":"http:\/\/ulme.ee\/veeb\/index.php?rest_route=\/wp\/v2\/pages\/11929"}],"collection":[{"href":"http:\/\/ulme.ee\/veeb\/index.php?rest_route=\/wp\/v2\/pages"}],"about":[{"href":"http:\/\/ulme.ee\/veeb\/index.php?rest_route=\/wp\/v2\/types\/page"}],"author":[{"embeddable":true,"href":"http:\/\/ulme.ee\/veeb\/index.php?rest_route=\/wp\/v2\/users\/2"}],"replies":[{"embeddable":true,"href":"http:\/\/ulme.ee\/veeb\/index.php?rest_route=%2Fwp%2Fv2%2Fcomments&post=11929"}],"version-history":[{"count":5,"href":"http:\/\/ulme.ee\/veeb\/index.php?rest_route=\/wp\/v2\/pages\/11929\/revisions"}],"predecessor-version":[{"id":11936,"href":"http:\/\/ulme.ee\/veeb\/index.php?rest_route=\/wp\/v2\/pages\/11929\/revisions\/11936"}],"wp:attachment":[{"href":"http:\/\/ulme.ee\/veeb\/index.php?rest_route=%2Fwp%2Fv2%2Fmedia&parent=11929"}],"curies":[{"name":"wp","href":"https:\/\/api.w.org\/{rel}","templated":true}]}}