{"id":10037,"date":"2020-10-04T12:44:14","date_gmt":"2020-10-04T09:44:14","guid":{"rendered":"http:\/\/ulme.ee\/veeb\/?page_id=10037"},"modified":"2021-06-01T13:32:15","modified_gmt":"2021-06-01T10:32:15","slug":"jtuvoistlus-2021","status":"publish","type":"page","link":"http:\/\/ulme.ee\/veeb\/?page_id=10037&lang=et","title":{"rendered":"Jutuv\u00f5istlus 2021"},"content":{"rendered":"\n<p>Eesti Ulme\u00fchingu ja kirjastuse Fantaasia kuuendast ulmejutuv\u00f5istlusest v\u00f5ttis osa 69 t\u00f6\u00f6d. Jutte hindas \u017e\u00fcrii koosseisus Ene Kallas, Mairi Laurik, Miikael Jekimov, Andri Riid ja Eva Luts. <\/p>\n\n\n\n<p><strong>Tulemused:<\/strong><br><strong>1.&nbsp;&nbsp;&nbsp;&nbsp;&nbsp; H\u00e4li Kivisild \u201eJuhtumised Pahura Jumala baaris\u201c 37 punkti<\/strong><br>2.-3.&nbsp; Rait Piir \u201eRaha ei tunne maailmavaadet\u201c 35 punkti<br>2.-3.&nbsp; Laura Loolaid, Joel Jans \u201eMoskva h\u00e4\u00e4l\u201c 35 punkti<br>4.-5.&nbsp; Karri Tiigisoon \u201eQ-ketas\u201c 19 punkti<br>4.-5.&nbsp; Marek Liinev \u201eOod inimlikkusele seitsmes vaatuses\u201c 19 punkti<br>6.&nbsp;&nbsp;&nbsp;&nbsp;&nbsp; Jaagup Mahkra \u201eDoktor Hartley orjad\u201c 18 punkti<br>7.&nbsp;&nbsp;&nbsp;&nbsp;&nbsp; Elo-Mall Toomet \u201eTeist teed\u201c 17 punkti<br>8.&nbsp;&nbsp;&nbsp;&nbsp;&nbsp; Meelis Kraft \u201eTerminal Borealis\u201c 14 punkti<br>9.-11.&nbsp;&nbsp;&nbsp;&nbsp;&nbsp;&nbsp;&nbsp;&nbsp; Joel Jans, Jaagup Mahkra \u201eL\u00e4bi musta kivi\u201c 12 punkti<br>9.-11.&nbsp;&nbsp;&nbsp;&nbsp;&nbsp;&nbsp;&nbsp;&nbsp; T\u00f5nis Hallaste \u201eNoa teritamine\u201c 12 punkti<br>9.-11.&nbsp;&nbsp;&nbsp;&nbsp;&nbsp;&nbsp;&nbsp;&nbsp; Mia Lisette Tamme \u201eMaha m\u00fc\u00fcdud hinged\u201c 12 punkti<\/p>\n\n\n\n<p>Vaata <a href=\"https:\/\/www.youtube.com\/watch?v=utWdpQhrUG0\">videot<\/a>.<br><\/p>\n\n\n\n<p><\/p>\n","protected":false},"excerpt":{"rendered":"<p>Eesti Ulme\u00fchingu ja kirjastuse Fantaasia kuuendast ulmejutuv\u00f5istlusest v\u00f5ttis osa 69 t\u00f6\u00f6d. Jutte hindas \u017e\u00fcrii koosseisus Ene Kallas, Mairi Laurik, Miikael Jekimov, Andri Riid ja Eva Luts. Tulemused:1.&nbsp;&nbsp;&nbsp;&nbsp;&nbsp; H\u00e4li Kivisild \u201eJuhtumised Pahura Jumala baaris\u201c 37 punkti2.-3.&nbsp; Rait Piir \u201eRaha ei tunne &hellip; <a href=\"http:\/\/ulme.ee\/veeb\/?page_id=10037&#038;lang=et\">J\u00e4tka lugemist <span class=\"meta-nav\">&rarr;<\/span><\/a><\/p>\n","protected":false},"author":2,"featured_media":0,"parent":0,"menu_order":0,"comment_status":"closed","ping_status":"closed","template":"","meta":{"footnotes":""},"_links":{"self":[{"href":"http:\/\/ulme.ee\/veeb\/index.php?rest_route=\/wp\/v2\/pages\/10037"}],"collection":[{"href":"http:\/\/ulme.ee\/veeb\/index.php?rest_route=\/wp\/v2\/pages"}],"about":[{"href":"http:\/\/ulme.ee\/veeb\/index.php?rest_route=\/wp\/v2\/types\/page"}],"author":[{"embeddable":true,"href":"http:\/\/ulme.ee\/veeb\/index.php?rest_route=\/wp\/v2\/users\/2"}],"replies":[{"embeddable":true,"href":"http:\/\/ulme.ee\/veeb\/index.php?rest_route=%2Fwp%2Fv2%2Fcomments&post=10037"}],"version-history":[{"count":7,"href":"http:\/\/ulme.ee\/veeb\/index.php?rest_route=\/wp\/v2\/pages\/10037\/revisions"}],"predecessor-version":[{"id":10289,"href":"http:\/\/ulme.ee\/veeb\/index.php?rest_route=\/wp\/v2\/pages\/10037\/revisions\/10289"}],"wp:attachment":[{"href":"http:\/\/ulme.ee\/veeb\/index.php?rest_route=%2Fwp%2Fv2%2Fmedia&parent=10037"}],"curies":[{"name":"wp","href":"https:\/\/api.w.org\/{rel}","templated":true}]}}